{"id":1088,"date":"2025-11-12T10:52:22","date_gmt":"2025-11-12T13:52:22","guid":{"rendered":"https:\/\/reidastelhas.com.br\/loja\/?post_type=product&#038;p=1088"},"modified":"2025-11-12T10:52:22","modified_gmt":"2025-11-12T13:52:22","slug":"plaqueta-refrataria-lisa","status":"publish","type":"product","link":"https:\/\/reidastelhas.com.br\/loja\/produto\/plaqueta-refrataria-lisa\/","title":{"rendered":"Plaqueta Refrat\u00e1ria Lisa"},"content":{"rendered":"<p>Plaqueta Refrat\u00e1ria Lisa \u00e9 ideal para revestimentos que exigem resist\u00eancia a altas temperaturas, acabamento sofisticado e durabilidade superior. Perfeita para o revestimento de churrasqueiras, fornos, lareiras e fog\u00f5es a lenha, oferecendo isolamento t\u00e9rmico eficiente e acabamento liso e uniforme, que confere um visual moderno e elegante.<\/p>\n","protected":false},"excerpt":{"rendered":"<p><strong>Dimens\u00f5es: 2,5 X 11,4 X 22,9<\/strong><br \/>\n<strong>Rendimento: 38 pe\u00e7as por m\u00b2<\/strong><\/p>\n","protected":false},"featured_media":1089,"template":"","meta":{"_joinchat":[]},"product_brand":[218],"product_cat":[61,58],"product_tag":[],"class_list":{"0":"post-1088","1":"product","2":"type-product","3":"status-publish","4":"has-post-thumbnail","6":"product_brand-deca-refratarios","7":"product_cat-tijolo-refratario","8":"product_cat-tijolos","10":"first","11":"instock","12":"shipping-taxable","13":"purchasable","14":"product-type-simple"},"_links":{"self":[{"href":"https:\/\/reidastelhas.com.br\/loja\/wp-json\/wp\/v2\/product\/1088","targetHints":{"allow":["GET"]}}],"collection":[{"href":"https:\/\/reidastelhas.com.br\/loja\/wp-json\/wp\/v2\/product"}],"about":[{"href":"https:\/\/reidastelhas.com.br\/loja\/wp-json\/wp\/v2\/types\/product"}],"wp:featuredmedia":[{"embeddable":true,"href":"https:\/\/reidastelhas.com.br\/loja\/wp-json\/wp\/v2\/media\/1089"}],"wp:attachment":[{"href":"https:\/\/reidastelhas.com.br\/loja\/wp-json\/wp\/v2\/media?parent=1088"}],"wp:term":[{"taxonomy":"product_brand","embeddable":true,"href":"https:\/\/reidastelhas.com.br\/loja\/wp-json\/wp\/v2\/product_brand?post=1088"},{"taxonomy":"product_cat","embeddable":true,"href":"https:\/\/reidastelhas.com.br\/loja\/wp-json\/wp\/v2\/product_cat?post=1088"},{"taxonomy":"product_tag","embeddable":true,"href":"https:\/\/reidastelhas.com.br\/loja\/wp-json\/wp\/v2\/product_tag?post=1088"}],"curies":[{"name":"wp","href":"https:\/\/api.w.org\/{rel}","templated":true}]}}