{"id":1122,"date":"2025-11-13T08:37:15","date_gmt":"2025-11-13T11:37:15","guid":{"rendered":"https:\/\/reidastelhas.com.br\/loja\/?post_type=product&#038;p=1122"},"modified":"2025-11-13T14:40:08","modified_gmt":"2025-11-13T17:40:08","slug":"tijolo-macico-pequeno-5-x-9-x-19","status":"publish","type":"product","link":"https:\/\/reidastelhas.com.br\/loja\/produto\/tijolo-macico-pequeno-5-x-9-x-19\/","title":{"rendered":"Tijolo maci\u00e7o vermelho pequeno 5 x 9 x 19"},"content":{"rendered":"<p>O tijolo maci\u00e7o pequeno \u00e9 um componente cer\u00e2mico utilizado em alvenarias estruturais e de veda\u00e7\u00e3o. Produzido a partir de argila de alta qualidade, \u00e9 queimado em temperatura controlada, garantindo resist\u00eancia mec\u00e2nica e uniformidade dimensional.<\/p>\n","protected":false},"excerpt":{"rendered":"<p><strong>Dimens\u00f5es: 5 x 9 x 19 cm<\/strong><br \/>\n<strong>Rendimento: 95 a 106 pe\u00e7as\u00a0 por m\u00b2<\/strong><br \/>\n<strong>Sob encomenda: pedido m\u00ednimo 500 pe\u00e7as\u00a0<\/strong><\/p>\n","protected":false},"featured_media":1123,"template":"","meta":{"_joinchat":[]},"product_brand":[219],"product_cat":[215,58],"product_tag":[],"class_list":{"0":"post-1122","1":"product","2":"type-product","3":"status-publish","4":"has-post-thumbnail","6":"product_brand-barro-branco","7":"product_cat-tijolo-macico","8":"product_cat-tijolos","10":"first","11":"instock","12":"shipping-taxable","13":"purchasable","14":"product-type-simple"},"_links":{"self":[{"href":"https:\/\/reidastelhas.com.br\/loja\/wp-json\/wp\/v2\/product\/1122","targetHints":{"allow":["GET"]}}],"collection":[{"href":"https:\/\/reidastelhas.com.br\/loja\/wp-json\/wp\/v2\/product"}],"about":[{"href":"https:\/\/reidastelhas.com.br\/loja\/wp-json\/wp\/v2\/types\/product"}],"wp:featuredmedia":[{"embeddable":true,"href":"https:\/\/reidastelhas.com.br\/loja\/wp-json\/wp\/v2\/media\/1123"}],"wp:attachment":[{"href":"https:\/\/reidastelhas.com.br\/loja\/wp-json\/wp\/v2\/media?parent=1122"}],"wp:term":[{"taxonomy":"product_brand","embeddable":true,"href":"https:\/\/reidastelhas.com.br\/loja\/wp-json\/wp\/v2\/product_brand?post=1122"},{"taxonomy":"product_cat","embeddable":true,"href":"https:\/\/reidastelhas.com.br\/loja\/wp-json\/wp\/v2\/product_cat?post=1122"},{"taxonomy":"product_tag","embeddable":true,"href":"https:\/\/reidastelhas.com.br\/loja\/wp-json\/wp\/v2\/product_tag?post=1122"}],"curies":[{"name":"wp","href":"https:\/\/api.w.org\/{rel}","templated":true}]}}