{"id":1791,"date":"2025-11-24T17:55:28","date_gmt":"2025-11-24T20:55:28","guid":{"rendered":"https:\/\/reidastelhas.com.br\/loja\/?post_type=product&#038;p=1791"},"modified":"2025-11-24T17:55:29","modified_gmt":"2025-11-24T20:55:29","slug":"churrasqueira-tijolinho-premium-vermelha-mesclada-2","status":"publish","type":"product","link":"https:\/\/reidastelhas.com.br\/loja\/produto\/churrasqueira-tijolinho-premium-vermelha-mesclada-2\/","title":{"rendered":"CHURRASQUEIRA TIJOLINHO PREMIUM VERMELHA MESCLADA"},"content":{"rendered":"<p data-start=\"250\" data-end=\"572\">A Churrasqueira Tijolinho Premium Vermelha Mesclada \u00e9 a combina\u00e7\u00e3o perfeita entre estilo, resist\u00eancia e alta performance. Seu acabamento em tijolinho vermelho mesclado traz um visual diferenciado, elegante e acolhedor, ideal para transformar qualquer \u00e1rea gourmet em um ambiente sofisticado e convidativo.<\/p>\n<p data-start=\"574\" data-end=\"868\">Produzida com materiais de alta durabilidade e estrutura refor\u00e7ada, a linha Premium garante aquecimento uniforme, excelente combust\u00e3o e facilidade no uso di\u00e1rio. O acabamento mesclado cria um efeito visual exclusivo, valorizando o espa\u00e7o e tornando o conjunto ainda mais atraente e moderno.<\/p>\n<p>A Churrasqueira Fortecol \u00e9 um produto inovador e com conceito de otimiza\u00e7\u00e3o na montagem, possuindo menor n\u00famero de pe\u00e7as por unidade. Nossos produtos s\u00e3o produzidos com a mais alta tecnologia em concreto. Utilizamos o concreto CAD (concreto de alto desempenho), proporcionando alta resist\u00eancia e acabamento das pe\u00e7as.<\/p>\n","protected":false},"excerpt":{"rendered":"<p><strong>Profundidade: 55 cm<\/strong><br \/>\n<strong>Altura total: 2,30 m<\/strong><\/p>\n","protected":false},"featured_media":1792,"template":"","meta":{"_joinchat":[]},"product_brand":[223],"product_cat":[25,26],"product_tag":[],"class_list":{"0":"post-1791","1":"product","2":"type-product","3":"status-publish","4":"has-post-thumbnail","6":"product_brand-fortecol","7":"product_cat-churrasqueiras","8":"product_cat-churrasqueiras-pre-moldadas","10":"first","11":"instock","12":"shipping-taxable","13":"purchasable","14":"product-type-variable"},"_links":{"self":[{"href":"https:\/\/reidastelhas.com.br\/loja\/wp-json\/wp\/v2\/product\/1791","targetHints":{"allow":["GET"]}}],"collection":[{"href":"https:\/\/reidastelhas.com.br\/loja\/wp-json\/wp\/v2\/product"}],"about":[{"href":"https:\/\/reidastelhas.com.br\/loja\/wp-json\/wp\/v2\/types\/product"}],"wp:featuredmedia":[{"embeddable":true,"href":"https:\/\/reidastelhas.com.br\/loja\/wp-json\/wp\/v2\/media\/1792"}],"wp:attachment":[{"href":"https:\/\/reidastelhas.com.br\/loja\/wp-json\/wp\/v2\/media?parent=1791"}],"wp:term":[{"taxonomy":"product_brand","embeddable":true,"href":"https:\/\/reidastelhas.com.br\/loja\/wp-json\/wp\/v2\/product_brand?post=1791"},{"taxonomy":"product_cat","embeddable":true,"href":"https:\/\/reidastelhas.com.br\/loja\/wp-json\/wp\/v2\/product_cat?post=1791"},{"taxonomy":"product_tag","embeddable":true,"href":"https:\/\/reidastelhas.com.br\/loja\/wp-json\/wp\/v2\/product_tag?post=1791"}],"curies":[{"name":"wp","href":"https:\/\/api.w.org\/{rel}","templated":true}]}}