{"id":1809,"date":"2025-11-25T08:57:07","date_gmt":"2025-11-25T11:57:07","guid":{"rendered":"https:\/\/reidastelhas.com.br\/loja\/?post_type=product&#038;p=1809"},"modified":"2025-11-25T09:01:35","modified_gmt":"2025-11-25T12:01:35","slug":"churrasqueira-tijolinho-premium-marfim-mesclada","status":"publish","type":"product","link":"https:\/\/reidastelhas.com.br\/loja\/produto\/churrasqueira-tijolinho-premium-marfim-mesclada\/","title":{"rendered":"CHURRASQUEIRA TIJOLINHO PREMIUM MARFIM MESCLADA"},"content":{"rendered":"<p data-start=\"307\" data-end=\"571\">A Churrasqueira Tijolinho Premium Marfim Mesclada combina eleg\u00e2ncia e desempenho em um \u00fanico produto. Seu revestimento em tijolinho marfim mesclado traz um visual leve, sofisticado e atemporal, ideal para quem deseja uma \u00e1rea gourmet charmosa e acolhedora.<\/p>\n<p data-start=\"573\" data-end=\"904\">Constru\u00edda com materiais de alta resist\u00eancia, a churrasqueira oferece excelente durabilidade e estabilidade t\u00e9rmica. O design da caixa de combust\u00e3o foi projetado para otimizar a circula\u00e7\u00e3o de ar, garantindo uma queima eficiente, calor uniforme e assados no ponto perfeito \u2014 sempre com aquele sabor aut\u00eantico de churrasco artesanal<\/p>\n<p>A Churrasqueira Fortecol \u00e9 um produto inovador e com conceito de otimiza\u00e7\u00e3o na montagem, possuindo menor n\u00famero de pe\u00e7as por unidade. Nossos produtos s\u00e3o produzidos com a mais alta tecnologia em concreto. Utilizamos o concreto CAD (concreto de alto desempenho), proporcionando alta resist\u00eancia e acabamento das pe\u00e7as.<\/p>\n","protected":false},"excerpt":{"rendered":"<p><strong>Profundidade: 55 cm<\/strong><br \/>\n<strong>Altura total: 2,30 m<\/strong><\/p>\n","protected":false},"featured_media":1811,"template":"","meta":{"_joinchat":[]},"product_brand":[223],"product_cat":[25,26],"product_tag":[],"class_list":{"0":"post-1809","1":"product","2":"type-product","3":"status-publish","4":"has-post-thumbnail","6":"product_brand-fortecol","7":"product_cat-churrasqueiras","8":"product_cat-churrasqueiras-pre-moldadas","10":"first","11":"instock","12":"shipping-taxable","13":"purchasable","14":"product-type-variable"},"_links":{"self":[{"href":"https:\/\/reidastelhas.com.br\/loja\/wp-json\/wp\/v2\/product\/1809","targetHints":{"allow":["GET"]}}],"collection":[{"href":"https:\/\/reidastelhas.com.br\/loja\/wp-json\/wp\/v2\/product"}],"about":[{"href":"https:\/\/reidastelhas.com.br\/loja\/wp-json\/wp\/v2\/types\/product"}],"wp:featuredmedia":[{"embeddable":true,"href":"https:\/\/reidastelhas.com.br\/loja\/wp-json\/wp\/v2\/media\/1811"}],"wp:attachment":[{"href":"https:\/\/reidastelhas.com.br\/loja\/wp-json\/wp\/v2\/media?parent=1809"}],"wp:term":[{"taxonomy":"product_brand","embeddable":true,"href":"https:\/\/reidastelhas.com.br\/loja\/wp-json\/wp\/v2\/product_brand?post=1809"},{"taxonomy":"product_cat","embeddable":true,"href":"https:\/\/reidastelhas.com.br\/loja\/wp-json\/wp\/v2\/product_cat?post=1809"},{"taxonomy":"product_tag","embeddable":true,"href":"https:\/\/reidastelhas.com.br\/loja\/wp-json\/wp\/v2\/product_tag?post=1809"}],"curies":[{"name":"wp","href":"https:\/\/api.w.org\/{rel}","templated":true}]}}