{"id":1870,"date":"2025-11-25T15:08:05","date_gmt":"2025-11-25T18:08:05","guid":{"rendered":"https:\/\/reidastelhas.com.br\/loja\/?post_type=product&#038;p=1870"},"modified":"2025-11-25T15:08:05","modified_gmt":"2025-11-25T18:08:05","slug":"churrasqueira-giratoria-4-espetos-portatil-com-refratario-inox","status":"publish","type":"product","link":"https:\/\/reidastelhas.com.br\/loja\/produto\/churrasqueira-giratoria-4-espetos-portatil-com-refratario-inox\/","title":{"rendered":"CHURRASQUEIRA GIRATORIA 4 ESPETOS PORTATIL COM REFRATARIO INOX"},"content":{"rendered":"<p data-start=\"233\" data-end=\"561\">A Churrasqueira Girat\u00f3ria Port\u00e1til com 4 Espetos e Refrat\u00e1rio Inox oferece praticidade, efici\u00eancia e um churrasco perfeito em qualquer lugar. Projetada para quem valoriza qualidade, mobilidade e desempenho, ela combina estrutura em a\u00e7o inox com sistema girat\u00f3rio, garantindo assados uniformes e muito mais sabor.<\/p>\n<p data-start=\"563\" data-end=\"859\">Os 4 espetos girat\u00f3rios, acionados por motor, permitem preparar diferentes tipos de carnes simultaneamente, com m\u00e1xima sucul\u00eancia.<\/p>\n<p data-start=\"861\" data-end=\"974\">Compacta, resistente e f\u00e1cil de transportar, \u00e9 ideal para varandas, \u00e1reas gourmet, camping ou pequenos ambientes.<\/p>\n<ul>\n<li data-start=\"976\" data-end=\"1270\">Material: A\u00e7o inox de alta durabilidade<\/li>\n<li data-start=\"976\" data-end=\"1270\">4 espetos girat\u00f3rios para assado uniforme<\/li>\n<li data-start=\"976\" data-end=\"1270\">Refrat\u00e1rio interno para melhor desempenho t\u00e9rmico<\/li>\n<li data-start=\"976\" data-end=\"1270\">Port\u00e1til \u2013 f\u00e1cil de carregar e utilizar<\/li>\n<li data-start=\"976\" data-end=\"1270\">Econ\u00f4mica, eficiente e de f\u00e1cil limpeza<\/li>\n<li data-start=\"976\" data-end=\"1270\">Design moderno e estrutura robusta<\/li>\n<\/ul>\n","protected":false},"excerpt":{"rendered":"<p><strong>Medidas da Churrasqueira:<\/strong><br \/>\n<strong>Altura: 79cm<\/strong><br \/>\n<strong>Largura: 41cm<\/strong><br \/>\n<strong>Profundidade: 45cmAltura da \u00c1rea Interna: 28cm<\/strong><br \/>\n<strong>Espetos Tridente: 65cm Comprimento Total<\/strong><\/p>\n<p><strong>Medidas do Motor:<\/strong><br \/>\n<strong>Altura: 11cm<\/strong><br \/>\n<strong>Largura: 11,3cm<\/strong><br \/>\n<strong>Profundidade: 17,5cm<\/strong><br \/>\n<strong>Voltagem do motor: 220V\/110V com chave seletora<\/strong><\/p>\n","protected":false},"featured_media":1874,"template":"","meta":{"_joinchat":[]},"product_brand":[224],"product_cat":[25,27],"product_tag":[],"class_list":{"0":"post-1870","1":"product","2":"type-product","3":"status-publish","4":"has-post-thumbnail","6":"product_brand-laurindos","7":"product_cat-churrasqueiras","8":"product_cat-churrasqueiras-inox","10":"first","11":"instock","12":"shipping-taxable","13":"purchasable","14":"product-type-simple"},"_links":{"self":[{"href":"https:\/\/reidastelhas.com.br\/loja\/wp-json\/wp\/v2\/product\/1870","targetHints":{"allow":["GET"]}}],"collection":[{"href":"https:\/\/reidastelhas.com.br\/loja\/wp-json\/wp\/v2\/product"}],"about":[{"href":"https:\/\/reidastelhas.com.br\/loja\/wp-json\/wp\/v2\/types\/product"}],"wp:featuredmedia":[{"embeddable":true,"href":"https:\/\/reidastelhas.com.br\/loja\/wp-json\/wp\/v2\/media\/1874"}],"wp:attachment":[{"href":"https:\/\/reidastelhas.com.br\/loja\/wp-json\/wp\/v2\/media?parent=1870"}],"wp:term":[{"taxonomy":"product_brand","embeddable":true,"href":"https:\/\/reidastelhas.com.br\/loja\/wp-json\/wp\/v2\/product_brand?post=1870"},{"taxonomy":"product_cat","embeddable":true,"href":"https:\/\/reidastelhas.com.br\/loja\/wp-json\/wp\/v2\/product_cat?post=1870"},{"taxonomy":"product_tag","embeddable":true,"href":"https:\/\/reidastelhas.com.br\/loja\/wp-json\/wp\/v2\/product_tag?post=1870"}],"curies":[{"name":"wp","href":"https:\/\/api.w.org\/{rel}","templated":true}]}}