{"id":1929,"date":"2025-11-26T14:44:45","date_gmt":"2025-11-26T17:44:45","guid":{"rendered":"https:\/\/reidastelhas.com.br\/loja\/?post_type=product&#038;p=1929"},"modified":"2025-11-26T14:45:23","modified_gmt":"2025-11-26T17:45:23","slug":"churrasqueira-inox-economica","status":"publish","type":"product","link":"https:\/\/reidastelhas.com.br\/loja\/produto\/churrasqueira-inox-economica\/","title":{"rendered":"CHURRASQUEIRA INOX ECONOMICA"},"content":{"rendered":"<p>A Churrasqueira Inox Econ\u00f4mica \u00e9 ideal para quem quer montar um churrasco pr\u00e1tico e eficiente, com qualidade e durabilidade. Feita em a\u00e7o inox 430,\u00a0 une robustez, facilidade de uso e limpeza, perfeita para churrascos em casa, na varanda, jardim ou \u00e1rea externa.<\/p>\n<p>Dicas:<br \/>\n1 &#8211; Nunca jogue \u00e1gua para apagar o carv\u00e3o, ao acabar o churrasco e jogar \u00e1gua para apagar o carv\u00e3o voc\u00ea dar\u00e1 um choque t\u00e9rmico na chapa de a\u00e7o, assim diminuindo a vida \u00fatil do equipamento em at\u00e9 10 vezes, pois iniciar\u00e1 o processo de oxida\u00e7\u00e3o (ferrugem).<br \/>\n2 &#8211; Para acender, utilize um de nossos acendedores el\u00e9tricos (pergunte sobre no campo perguntas), coloque o carv\u00e3o, ligue na tomada e aguarde, melhor op\u00e7\u00e3o sem riscos, lembrando que para as churrasqueiras com tampa \u00e9 necess\u00e1rio deix\u00e1-la aberta para poder pegar fogo no carv\u00e3o, fechada ir\u00e1 faltar oxig\u00eanio e ir\u00e1 apagar.<br \/>\n3 &#8211; Se o seu amigo churrasqueiro faz uma fumaceira para acend\u00ea-la, de isso de presente para ele e se livre daquela fuma\u00e7a com \u00f3leo que fica em seu cabelo e sua roupa:<br \/>\n4 &#8211; Grelha,\u00a0 lave enquanto esteja quente, pois a gordura sai mais r\u00e1pido, utilize um tijolo p\u00f3 de mico para remover a crosta mais grossa ou uma esp\u00e1tula e finalize com palha de a\u00e7o e uma esponja.<\/p>\n","protected":false},"excerpt":{"rendered":"<p><strong>Largura 56 cm<\/strong><br \/>\n<strong>Profundidade 33 cm<\/strong><br \/>\n<strong>Altura 71 cm<\/strong><br \/>\n<strong>Feita em A\u00c7O INOX &#8211; 0,40mm<\/strong><br \/>\n<strong>Acompanha Grelha Moeda de Inox 43cm x 33cm<\/strong><br \/>\n<strong>Com al\u00e7a de Inox Lateral para f\u00e1cil e r\u00e1pido transporte<\/strong><br \/>\n<strong>Com 3 op\u00e7\u00f5es de altura da grelha.<\/strong><br \/>\n<strong>Acompanha bandeja galvanizada para queima do carv\u00e3o, desta forma o carv\u00e3o n\u00e3o tem contato direto com o INOX prolongando a vida \u00fatil da churrasqueira.<\/strong><\/p>\n","protected":false},"featured_media":1932,"template":"","meta":{"_joinchat":[]},"product_brand":[224],"product_cat":[25,27],"product_tag":[],"class_list":{"0":"post-1929","1":"product","2":"type-product","3":"status-publish","4":"has-post-thumbnail","6":"product_brand-laurindos","7":"product_cat-churrasqueiras","8":"product_cat-churrasqueiras-inox","10":"first","11":"instock","12":"shipping-taxable","13":"purchasable","14":"product-type-simple"},"_links":{"self":[{"href":"https:\/\/reidastelhas.com.br\/loja\/wp-json\/wp\/v2\/product\/1929","targetHints":{"allow":["GET"]}}],"collection":[{"href":"https:\/\/reidastelhas.com.br\/loja\/wp-json\/wp\/v2\/product"}],"about":[{"href":"https:\/\/reidastelhas.com.br\/loja\/wp-json\/wp\/v2\/types\/product"}],"wp:featuredmedia":[{"embeddable":true,"href":"https:\/\/reidastelhas.com.br\/loja\/wp-json\/wp\/v2\/media\/1932"}],"wp:attachment":[{"href":"https:\/\/reidastelhas.com.br\/loja\/wp-json\/wp\/v2\/media?parent=1929"}],"wp:term":[{"taxonomy":"product_brand","embeddable":true,"href":"https:\/\/reidastelhas.com.br\/loja\/wp-json\/wp\/v2\/product_brand?post=1929"},{"taxonomy":"product_cat","embeddable":true,"href":"https:\/\/reidastelhas.com.br\/loja\/wp-json\/wp\/v2\/product_cat?post=1929"},{"taxonomy":"product_tag","embeddable":true,"href":"https:\/\/reidastelhas.com.br\/loja\/wp-json\/wp\/v2\/product_tag?post=1929"}],"curies":[{"name":"wp","href":"https:\/\/api.w.org\/{rel}","templated":true}]}}