{"id":1961,"date":"2025-11-27T10:50:03","date_gmt":"2025-11-27T13:50:03","guid":{"rendered":"https:\/\/reidastelhas.com.br\/loja\/?post_type=product&#038;p=1961"},"modified":"2025-11-27T10:59:25","modified_gmt":"2025-11-27T13:59:25","slug":"bolacha-mesclada-3-x-11-x-24","status":"publish","type":"product","link":"https:\/\/reidastelhas.com.br\/loja\/produto\/bolacha-mesclada-3-x-11-x-24\/","title":{"rendered":"Bolacha mesclada 3 x 11 x 24"},"content":{"rendered":"<p data-start=\"199\" data-end=\"481\"><span data-start=\"201\" data-end=\"246\">A<\/span> Bolacha Mesclada\u00a0combina estilo r\u00fastico e acabamento artesanal para transformar ambientes internos e externos. Produzido com pe\u00e7as no formato \u201cbolacha\u201d, ele apresenta varia\u00e7\u00f5es naturais de tons mesclados, criando um visual \u00fanico, acolhedor e elegante.<\/p>\n<p data-start=\"483\" data-end=\"794\">Com dimens\u00f5es de 3 cm de espessura, 11 cm de largura e 24 cm de comprimento, este revestimento oferece excelente durabilidade, resist\u00eancia e facilidade de manuten\u00e7\u00e3o. \u00c9 ideal para aplica\u00e7\u00f5es em paredes, fachadas, muros, \u00e1reas gourmet, lareiras e projetos que buscam personalidade e charme atemporal<\/p>\n","protected":false},"excerpt":{"rendered":"<p>Medida:\u00a03 \u00d7 11 \u00d7 24<br \/>\nRendimento:\u00a0 40 pe\u00e7as por m\u00b2<\/p>\n","protected":false},"featured_media":1962,"template":"","meta":{"_joinchat":[]},"product_brand":[220],"product_cat":[23,228],"product_tag":[],"class_list":{"0":"post-1961","1":"product","2":"type-product","3":"status-publish","4":"has-post-thumbnail","6":"product_brand-jheniffer","7":"product_cat-revestimentos","8":"product_cat-revestimentos-rusticos","10":"first","11":"instock","12":"shipping-taxable","13":"purchasable","14":"product-type-simple"},"_links":{"self":[{"href":"https:\/\/reidastelhas.com.br\/loja\/wp-json\/wp\/v2\/product\/1961","targetHints":{"allow":["GET"]}}],"collection":[{"href":"https:\/\/reidastelhas.com.br\/loja\/wp-json\/wp\/v2\/product"}],"about":[{"href":"https:\/\/reidastelhas.com.br\/loja\/wp-json\/wp\/v2\/types\/product"}],"wp:featuredmedia":[{"embeddable":true,"href":"https:\/\/reidastelhas.com.br\/loja\/wp-json\/wp\/v2\/media\/1962"}],"wp:attachment":[{"href":"https:\/\/reidastelhas.com.br\/loja\/wp-json\/wp\/v2\/media?parent=1961"}],"wp:term":[{"taxonomy":"product_brand","embeddable":true,"href":"https:\/\/reidastelhas.com.br\/loja\/wp-json\/wp\/v2\/product_brand?post=1961"},{"taxonomy":"product_cat","embeddable":true,"href":"https:\/\/reidastelhas.com.br\/loja\/wp-json\/wp\/v2\/product_cat?post=1961"},{"taxonomy":"product_tag","embeddable":true,"href":"https:\/\/reidastelhas.com.br\/loja\/wp-json\/wp\/v2\/product_tag?post=1961"}],"curies":[{"name":"wp","href":"https:\/\/api.w.org\/{rel}","templated":true}]}}