{"id":2008,"date":"2025-11-29T11:02:35","date_gmt":"2025-11-29T14:02:35","guid":{"rendered":"https:\/\/reidastelhas.com.br\/loja\/?post_type=product&#038;p=2008"},"modified":"2025-11-29T11:02:35","modified_gmt":"2025-11-29T14:02:35","slug":"filete-tijolo-demolicao","status":"publish","type":"product","link":"https:\/\/reidastelhas.com.br\/loja\/produto\/filete-tijolo-demolicao\/","title":{"rendered":"filete tijolo demoli\u00e7\u00e3o"},"content":{"rendered":"<p>Esse revestimento traz a est\u00e9tica robusta e aut\u00eantica dos tijolos antigos reaproveitados, conferindo aos ambientes um visual r\u00fastico, natural e cheio de personalidade. Com texturas marcantes e varia\u00e7\u00f5es de tons caracter\u00edsticas do efeito demoli\u00e7\u00e3o, cada pe\u00e7a adiciona profundidade e charme \u00fanicos ao projeto.<\/p>\n","protected":false},"excerpt":{"rendered":"<p>As medidas podem variar de acordo com o lote de tijolos que usamos.<br \/>\nPortanto, verifique as medidas na hora da compra.<\/p>\n","protected":false},"featured_media":2009,"template":"","meta":{"_joinchat":[]},"product_brand":[],"product_cat":[23,228],"product_tag":[],"class_list":{"0":"post-2008","1":"product","2":"type-product","3":"status-publish","4":"has-post-thumbnail","6":"product_cat-revestimentos","7":"product_cat-revestimentos-rusticos","9":"first","10":"instock","11":"shipping-taxable","12":"purchasable","13":"product-type-simple"},"_links":{"self":[{"href":"https:\/\/reidastelhas.com.br\/loja\/wp-json\/wp\/v2\/product\/2008","targetHints":{"allow":["GET"]}}],"collection":[{"href":"https:\/\/reidastelhas.com.br\/loja\/wp-json\/wp\/v2\/product"}],"about":[{"href":"https:\/\/reidastelhas.com.br\/loja\/wp-json\/wp\/v2\/types\/product"}],"wp:featuredmedia":[{"embeddable":true,"href":"https:\/\/reidastelhas.com.br\/loja\/wp-json\/wp\/v2\/media\/2009"}],"wp:attachment":[{"href":"https:\/\/reidastelhas.com.br\/loja\/wp-json\/wp\/v2\/media?parent=2008"}],"wp:term":[{"taxonomy":"product_brand","embeddable":true,"href":"https:\/\/reidastelhas.com.br\/loja\/wp-json\/wp\/v2\/product_brand?post=2008"},{"taxonomy":"product_cat","embeddable":true,"href":"https:\/\/reidastelhas.com.br\/loja\/wp-json\/wp\/v2\/product_cat?post=2008"},{"taxonomy":"product_tag","embeddable":true,"href":"https:\/\/reidastelhas.com.br\/loja\/wp-json\/wp\/v2\/product_tag?post=2008"}],"curies":[{"name":"wp","href":"https:\/\/api.w.org\/{rel}","templated":true}]}}