{"id":2030,"date":"2025-12-09T08:44:21","date_gmt":"2025-12-09T11:44:21","guid":{"rendered":"https:\/\/reidastelhas.com.br\/loja\/?post_type=product&#038;p=2030"},"modified":"2025-12-09T10:12:26","modified_gmt":"2025-12-09T13:12:26","slug":"cobogo-30x30-capanela","status":"publish","type":"product","link":"https:\/\/reidastelhas.com.br\/loja\/produto\/cobogo-30x30-capanela\/","title":{"rendered":"COBOG\u00d3 30X30 CAPANELA"},"content":{"rendered":"<p>O Cobog\u00f3 30&#215;30 Modelo Capanela \u00e9 uma pe\u00e7a arquitet\u00f4nica em concreto projetada para trazer ventila\u00e7\u00e3o, ilumina\u00e7\u00e3o natural e um toque decorativo aos ambientes. Com design cl\u00e1ssico e elegante, ele \u00e9 ideal para compor fachadas, paredes internas, divis\u00f3rias e \u00e1reas externas, criando efeitos visuais modernos e valorizando o projeto.<\/p>\n","protected":false},"excerpt":{"rendered":"<p>Rendimento: 12 pe\u00e7as por m\u00b2<\/p>\n","protected":false},"featured_media":2102,"template":"","meta":{"_joinchat":[]},"product_brand":[230],"product_cat":[18,20],"product_tag":[],"class_list":{"0":"post-2030","1":"product","2":"type-product","3":"status-publish","4":"has-post-thumbnail","6":"product_brand-vilson","7":"product_cat-artefatos-de-concreto","8":"product_cat-cobogo","10":"first","11":"instock","12":"shipping-taxable","13":"purchasable","14":"product-type-simple"},"_links":{"self":[{"href":"https:\/\/reidastelhas.com.br\/loja\/wp-json\/wp\/v2\/product\/2030","targetHints":{"allow":["GET"]}}],"collection":[{"href":"https:\/\/reidastelhas.com.br\/loja\/wp-json\/wp\/v2\/product"}],"about":[{"href":"https:\/\/reidastelhas.com.br\/loja\/wp-json\/wp\/v2\/types\/product"}],"wp:featuredmedia":[{"embeddable":true,"href":"https:\/\/reidastelhas.com.br\/loja\/wp-json\/wp\/v2\/media\/2102"}],"wp:attachment":[{"href":"https:\/\/reidastelhas.com.br\/loja\/wp-json\/wp\/v2\/media?parent=2030"}],"wp:term":[{"taxonomy":"product_brand","embeddable":true,"href":"https:\/\/reidastelhas.com.br\/loja\/wp-json\/wp\/v2\/product_brand?post=2030"},{"taxonomy":"product_cat","embeddable":true,"href":"https:\/\/reidastelhas.com.br\/loja\/wp-json\/wp\/v2\/product_cat?post=2030"},{"taxonomy":"product_tag","embeddable":true,"href":"https:\/\/reidastelhas.com.br\/loja\/wp-json\/wp\/v2\/product_tag?post=2030"}],"curies":[{"name":"wp","href":"https:\/\/api.w.org\/{rel}","templated":true}]}}