{"id":2126,"date":"2025-12-10T09:29:17","date_gmt":"2025-12-10T12:29:17","guid":{"rendered":"https:\/\/reidastelhas.com.br\/loja\/?post_type=product&#038;p=2126"},"modified":"2025-12-10T09:29:17","modified_gmt":"2025-12-10T12:29:17","slug":"conjunto-de-mesa-com-2-bancos-meia-lua","status":"publish","type":"product","link":"https:\/\/reidastelhas.com.br\/loja\/produto\/conjunto-de-mesa-com-2-bancos-meia-lua\/","title":{"rendered":"CONJUNTO DE MESA COM 2 BANCOS MEIA LUA"},"content":{"rendered":"<p>O Conjunto de Mesa com 2 Bancos Meia Lua \u00e9 a solu\u00e7\u00e3o ideal para \u00e1reas de conviv\u00eancia que precisam de durabilidade, conforto e est\u00e9tica moderna. Fabricado em concreto de alta resist\u00eancia, ele \u00e9 projetado para ambientes externos, garantindo estabilidade e longa vida \u00fatil mesmo sob exposi\u00e7\u00e3o ao sol, chuva e uso intenso.<\/p>\n","protected":false},"excerpt":{"rendered":"<p>O Conjunto de Mesa com 2 Bancos Meia Lua \u00e9 a solu\u00e7\u00e3o ideal para \u00e1reas de conviv\u00eancia que precisam de durabilidade, conforto e est\u00e9tica moderna. Fabricado em concreto de alta resist\u00eancia, ele \u00e9 projetado para ambientes externos, garantindo estabilidade e longa vida \u00fatil mesmo sob exposi\u00e7\u00e3o ao sol, chuva e uso intenso.<\/p>\n","protected":false},"featured_media":2127,"template":"","meta":{"_joinchat":[]},"product_brand":[229],"product_cat":[18,19],"product_tag":[],"class_list":{"0":"post-2126","1":"product","2":"type-product","3":"status-publish","4":"has-post-thumbnail","6":"product_brand-artefatos-schmitt","7":"product_cat-artefatos-de-concreto","8":"product_cat-mesas-e-bancos","10":"first","11":"instock","12":"shipping-taxable","13":"purchasable","14":"product-type-simple"},"_links":{"self":[{"href":"https:\/\/reidastelhas.com.br\/loja\/wp-json\/wp\/v2\/product\/2126","targetHints":{"allow":["GET"]}}],"collection":[{"href":"https:\/\/reidastelhas.com.br\/loja\/wp-json\/wp\/v2\/product"}],"about":[{"href":"https:\/\/reidastelhas.com.br\/loja\/wp-json\/wp\/v2\/types\/product"}],"wp:featuredmedia":[{"embeddable":true,"href":"https:\/\/reidastelhas.com.br\/loja\/wp-json\/wp\/v2\/media\/2127"}],"wp:attachment":[{"href":"https:\/\/reidastelhas.com.br\/loja\/wp-json\/wp\/v2\/media?parent=2126"}],"wp:term":[{"taxonomy":"product_brand","embeddable":true,"href":"https:\/\/reidastelhas.com.br\/loja\/wp-json\/wp\/v2\/product_brand?post=2126"},{"taxonomy":"product_cat","embeddable":true,"href":"https:\/\/reidastelhas.com.br\/loja\/wp-json\/wp\/v2\/product_cat?post=2126"},{"taxonomy":"product_tag","embeddable":true,"href":"https:\/\/reidastelhas.com.br\/loja\/wp-json\/wp\/v2\/product_tag?post=2126"}],"curies":[{"name":"wp","href":"https:\/\/api.w.org\/{rel}","templated":true}]}}