{"id":2130,"date":"2025-12-10T09:40:39","date_gmt":"2025-12-10T12:40:39","guid":{"rendered":"https:\/\/reidastelhas.com.br\/loja\/?post_type=product&#038;p=2130"},"modified":"2025-12-10T09:57:10","modified_gmt":"2025-12-10T12:57:10","slug":"mesa-quadrada-com-2-bancos-retos","status":"publish","type":"product","link":"https:\/\/reidastelhas.com.br\/loja\/produto\/mesa-quadrada-com-2-bancos-retos\/","title":{"rendered":"MESA QUADRADA COM 2 BANCOS RETOS"},"content":{"rendered":"<p data-start=\"181\" data-end=\"522\">A Mesa Quadrada com 2 Bancos Retos \u00e9 a escolha ideal para \u00e1reas externas que exigem resist\u00eancia, estabilidade e longa durabilidade. Fabricado em concreto refor\u00e7ado, o conjunto \u00e9 perfeito para pra\u00e7as, parques, condom\u00ednios, jardins e espa\u00e7os de conviv\u00eancia, oferecendo um ambiente confort\u00e1vel e funcional para descanso e intera\u00e7\u00e3o.<\/p>\n<p data-start=\"524\" data-end=\"695\">\n","protected":false},"excerpt":{"rendered":"<p>A Mesa Quadrada com 2 Bancos Retos \u00e9 a escolha ideal para \u00e1reas externas que exigem resist\u00eancia, estabilidade e longa durabilidade. Fabricado em concreto refor\u00e7ado, o conjunto \u00e9 perfeito para pra\u00e7as, parques, condom\u00ednios, jardins e espa\u00e7os de conviv\u00eancia, oferecendo um ambiente confort\u00e1vel e funcional para descanso e intera\u00e7\u00e3o.<\/p>\n","protected":false},"featured_media":2138,"template":"","meta":{"_joinchat":[]},"product_brand":[229],"product_cat":[18,19],"product_tag":[],"class_list":{"0":"post-2130","1":"product","2":"type-product","3":"status-publish","4":"has-post-thumbnail","6":"product_brand-artefatos-schmitt","7":"product_cat-artefatos-de-concreto","8":"product_cat-mesas-e-bancos","10":"first","11":"instock","12":"shipping-taxable","13":"purchasable","14":"product-type-simple"},"_links":{"self":[{"href":"https:\/\/reidastelhas.com.br\/loja\/wp-json\/wp\/v2\/product\/2130","targetHints":{"allow":["GET"]}}],"collection":[{"href":"https:\/\/reidastelhas.com.br\/loja\/wp-json\/wp\/v2\/product"}],"about":[{"href":"https:\/\/reidastelhas.com.br\/loja\/wp-json\/wp\/v2\/types\/product"}],"wp:featuredmedia":[{"embeddable":true,"href":"https:\/\/reidastelhas.com.br\/loja\/wp-json\/wp\/v2\/media\/2138"}],"wp:attachment":[{"href":"https:\/\/reidastelhas.com.br\/loja\/wp-json\/wp\/v2\/media?parent=2130"}],"wp:term":[{"taxonomy":"product_brand","embeddable":true,"href":"https:\/\/reidastelhas.com.br\/loja\/wp-json\/wp\/v2\/product_brand?post=2130"},{"taxonomy":"product_cat","embeddable":true,"href":"https:\/\/reidastelhas.com.br\/loja\/wp-json\/wp\/v2\/product_cat?post=2130"},{"taxonomy":"product_tag","embeddable":true,"href":"https:\/\/reidastelhas.com.br\/loja\/wp-json\/wp\/v2\/product_tag?post=2130"}],"curies":[{"name":"wp","href":"https:\/\/api.w.org\/{rel}","templated":true}]}}