{"id":2205,"date":"2025-12-17T13:53:51","date_gmt":"2025-12-17T16:53:51","guid":{"rendered":"https:\/\/reidastelhas.com.br\/loja\/?post_type=product&#038;p=2205"},"modified":"2025-12-17T13:53:51","modified_gmt":"2025-12-17T16:53:51","slug":"balcao-para-pia-natural","status":"publish","type":"product","link":"https:\/\/reidastelhas.com.br\/loja\/produto\/balcao-para-pia-natural\/","title":{"rendered":"BALC\u00c3O PARA PIA NATURAL"},"content":{"rendered":"<p>O Balc\u00e3o de Pia Natural\u00a0\u00e9 a escolha ideal para quem busca beleza, resist\u00eancia e funcionalidade na cozinha ou \u00e1rea de servi\u00e7o.<\/p>\n","protected":false},"excerpt":{"rendered":"<p>Dispon\u00edveis em dois tamanhos!<\/p>\n","protected":false},"featured_media":2207,"template":"","meta":{"_joinchat":[]},"product_brand":[224],"product_cat":[34],"product_tag":[],"class_list":{"0":"post-2205","1":"product","2":"type-product","3":"status-publish","4":"has-post-thumbnail","6":"product_brand-laurindos","7":"product_cat-balcao-de-pia","9":"first","10":"instock","11":"shipping-taxable","12":"purchasable","13":"product-type-variable"},"_links":{"self":[{"href":"https:\/\/reidastelhas.com.br\/loja\/wp-json\/wp\/v2\/product\/2205","targetHints":{"allow":["GET"]}}],"collection":[{"href":"https:\/\/reidastelhas.com.br\/loja\/wp-json\/wp\/v2\/product"}],"about":[{"href":"https:\/\/reidastelhas.com.br\/loja\/wp-json\/wp\/v2\/types\/product"}],"wp:featuredmedia":[{"embeddable":true,"href":"https:\/\/reidastelhas.com.br\/loja\/wp-json\/wp\/v2\/media\/2207"}],"wp:attachment":[{"href":"https:\/\/reidastelhas.com.br\/loja\/wp-json\/wp\/v2\/media?parent=2205"}],"wp:term":[{"taxonomy":"product_brand","embeddable":true,"href":"https:\/\/reidastelhas.com.br\/loja\/wp-json\/wp\/v2\/product_brand?post=2205"},{"taxonomy":"product_cat","embeddable":true,"href":"https:\/\/reidastelhas.com.br\/loja\/wp-json\/wp\/v2\/product_cat?post=2205"},{"taxonomy":"product_tag","embeddable":true,"href":"https:\/\/reidastelhas.com.br\/loja\/wp-json\/wp\/v2\/product_tag?post=2205"}],"curies":[{"name":"wp","href":"https:\/\/api.w.org\/{rel}","templated":true}]}}