{"id":2213,"date":"2025-12-17T13:57:42","date_gmt":"2025-12-17T16:57:42","guid":{"rendered":"https:\/\/reidastelhas.com.br\/loja\/?post_type=product&#038;p=2213"},"modified":"2025-12-17T13:57:42","modified_gmt":"2025-12-17T16:57:42","slug":"lareira-natural-parede-media","status":"publish","type":"product","link":"https:\/\/reidastelhas.com.br\/loja\/produto\/lareira-natural-parede-media\/","title":{"rendered":"LAREIRA NATURAL PAREDE MEDIA"},"content":{"rendered":"<p>A Lareira Natural de Parede \u00e9 perfeita para quem deseja trazer conforto, eleg\u00e2ncia e aconchego ao ambiente. Com design natural e instala\u00e7\u00e3o na parede, ela valoriza salas, \u00e1reas gourmet e espa\u00e7os internos, criando um clima acolhedor e sofisticado<\/p>\n","protected":false},"excerpt":{"rendered":"<p>A Lareira Natural de Parede \u00e9 perfeita para quem deseja trazer conforto, eleg\u00e2ncia e aconchego ao ambiente. Com design natural e instala\u00e7\u00e3o na parede, ela valoriza salas, \u00e1reas gourmet e espa\u00e7os internos, criando um clima acolhedor e sofisticado<\/p>\n","protected":false},"featured_media":2214,"template":"","meta":{"_joinchat":[]},"product_brand":[224],"product_cat":[32],"product_tag":[],"class_list":{"0":"post-2213","1":"product","2":"type-product","3":"status-publish","4":"has-post-thumbnail","6":"product_brand-laurindos","7":"product_cat-lareira","9":"first","10":"instock","11":"shipping-taxable","12":"purchasable","13":"product-type-simple"},"_links":{"self":[{"href":"https:\/\/reidastelhas.com.br\/loja\/wp-json\/wp\/v2\/product\/2213","targetHints":{"allow":["GET"]}}],"collection":[{"href":"https:\/\/reidastelhas.com.br\/loja\/wp-json\/wp\/v2\/product"}],"about":[{"href":"https:\/\/reidastelhas.com.br\/loja\/wp-json\/wp\/v2\/types\/product"}],"wp:featuredmedia":[{"embeddable":true,"href":"https:\/\/reidastelhas.com.br\/loja\/wp-json\/wp\/v2\/media\/2214"}],"wp:attachment":[{"href":"https:\/\/reidastelhas.com.br\/loja\/wp-json\/wp\/v2\/media?parent=2213"}],"wp:term":[{"taxonomy":"product_brand","embeddable":true,"href":"https:\/\/reidastelhas.com.br\/loja\/wp-json\/wp\/v2\/product_brand?post=2213"},{"taxonomy":"product_cat","embeddable":true,"href":"https:\/\/reidastelhas.com.br\/loja\/wp-json\/wp\/v2\/product_cat?post=2213"},{"taxonomy":"product_tag","embeddable":true,"href":"https:\/\/reidastelhas.com.br\/loja\/wp-json\/wp\/v2\/product_tag?post=2213"}],"curies":[{"name":"wp","href":"https:\/\/api.w.org\/{rel}","templated":true}]}}