{"id":2219,"date":"2025-12-17T14:07:00","date_gmt":"2025-12-17T17:07:00","guid":{"rendered":"https:\/\/reidastelhas.com.br\/loja\/?post_type=product&#038;p=2219"},"modified":"2025-12-17T14:07:00","modified_gmt":"2025-12-17T17:07:00","slug":"lareira-natural-parede-pequena","status":"publish","type":"product","link":"https:\/\/reidastelhas.com.br\/loja\/produto\/lareira-natural-parede-pequena\/","title":{"rendered":"LAREIRA NATURAL PAREDE PEQUENA"},"content":{"rendered":"<p>A Lareira Natural de Parede Pequena \u00e9 perfeita para quem deseja aconchego e eleg\u00e2ncia mesmo em ambientes compactos. Seu design de parede otimiza o espa\u00e7o, proporcionando um visual moderno e sofisticado sem ocupar \u00e1rea no piso.<\/p>\n","protected":false},"excerpt":{"rendered":"<p>A Lareira Natural de Parede Pequena \u00e9 perfeita para quem deseja aconchego e eleg\u00e2ncia mesmo em ambientes compactos. Seu design de parede otimiza o espa\u00e7o, proporcionando um visual moderno e sofisticado sem ocupar \u00e1rea no piso.<\/p>\n","protected":false},"featured_media":2220,"template":"","meta":{"_joinchat":[]},"product_brand":[224],"product_cat":[32],"product_tag":[],"class_list":{"0":"post-2219","1":"product","2":"type-product","3":"status-publish","4":"has-post-thumbnail","6":"product_brand-laurindos","7":"product_cat-lareira","9":"first","10":"instock","11":"shipping-taxable","12":"purchasable","13":"product-type-simple"},"_links":{"self":[{"href":"https:\/\/reidastelhas.com.br\/loja\/wp-json\/wp\/v2\/product\/2219","targetHints":{"allow":["GET"]}}],"collection":[{"href":"https:\/\/reidastelhas.com.br\/loja\/wp-json\/wp\/v2\/product"}],"about":[{"href":"https:\/\/reidastelhas.com.br\/loja\/wp-json\/wp\/v2\/types\/product"}],"wp:featuredmedia":[{"embeddable":true,"href":"https:\/\/reidastelhas.com.br\/loja\/wp-json\/wp\/v2\/media\/2220"}],"wp:attachment":[{"href":"https:\/\/reidastelhas.com.br\/loja\/wp-json\/wp\/v2\/media?parent=2219"}],"wp:term":[{"taxonomy":"product_brand","embeddable":true,"href":"https:\/\/reidastelhas.com.br\/loja\/wp-json\/wp\/v2\/product_brand?post=2219"},{"taxonomy":"product_cat","embeddable":true,"href":"https:\/\/reidastelhas.com.br\/loja\/wp-json\/wp\/v2\/product_cat?post=2219"},{"taxonomy":"product_tag","embeddable":true,"href":"https:\/\/reidastelhas.com.br\/loja\/wp-json\/wp\/v2\/product_tag?post=2219"}],"curies":[{"name":"wp","href":"https:\/\/api.w.org\/{rel}","templated":true}]}}