{"id":2221,"date":"2025-12-17T14:09:40","date_gmt":"2025-12-17T17:09:40","guid":{"rendered":"https:\/\/reidastelhas.com.br\/loja\/?post_type=product&#038;p=2221"},"modified":"2025-12-17T14:09:40","modified_gmt":"2025-12-17T17:09:40","slug":"lareira-natural-parede-grande","status":"publish","type":"product","link":"https:\/\/reidastelhas.com.br\/loja\/produto\/lareira-natural-parede-grande\/","title":{"rendered":"LAREIRA NATURAL PAREDE GRANDE"},"content":{"rendered":"<p>A Lareira Natural de Parede Grande \u00e9 ideal para quem busca sofistica\u00e7\u00e3o, conforto t\u00e9rmico e destaque decorativo em ambientes amplos. Seu design de instala\u00e7\u00e3o na parede valoriza o espa\u00e7o, criando um ponto focal elegante sem comprometer a circula\u00e7\u00e3o.<\/p>\n","protected":false},"excerpt":{"rendered":"<p>A Lareira Natural de Parede Grande \u00e9 ideal para quem busca sofistica\u00e7\u00e3o, conforto t\u00e9rmico e destaque decorativo em ambientes amplos. Seu design de instala\u00e7\u00e3o na parede valoriza o espa\u00e7o, criando um ponto focal elegante sem comprometer a circula\u00e7\u00e3o.<\/p>\n","protected":false},"featured_media":2222,"template":"","meta":{"_joinchat":[]},"product_brand":[224],"product_cat":[32],"product_tag":[],"class_list":{"0":"post-2221","1":"product","2":"type-product","3":"status-publish","4":"has-post-thumbnail","6":"product_brand-laurindos","7":"product_cat-lareira","9":"first","10":"instock","11":"shipping-taxable","12":"purchasable","13":"product-type-simple"},"_links":{"self":[{"href":"https:\/\/reidastelhas.com.br\/loja\/wp-json\/wp\/v2\/product\/2221","targetHints":{"allow":["GET"]}}],"collection":[{"href":"https:\/\/reidastelhas.com.br\/loja\/wp-json\/wp\/v2\/product"}],"about":[{"href":"https:\/\/reidastelhas.com.br\/loja\/wp-json\/wp\/v2\/types\/product"}],"wp:featuredmedia":[{"embeddable":true,"href":"https:\/\/reidastelhas.com.br\/loja\/wp-json\/wp\/v2\/media\/2222"}],"wp:attachment":[{"href":"https:\/\/reidastelhas.com.br\/loja\/wp-json\/wp\/v2\/media?parent=2221"}],"wp:term":[{"taxonomy":"product_brand","embeddable":true,"href":"https:\/\/reidastelhas.com.br\/loja\/wp-json\/wp\/v2\/product_brand?post=2221"},{"taxonomy":"product_cat","embeddable":true,"href":"https:\/\/reidastelhas.com.br\/loja\/wp-json\/wp\/v2\/product_cat?post=2221"},{"taxonomy":"product_tag","embeddable":true,"href":"https:\/\/reidastelhas.com.br\/loja\/wp-json\/wp\/v2\/product_tag?post=2221"}],"curies":[{"name":"wp","href":"https:\/\/api.w.org\/{rel}","templated":true}]}}