{"id":2327,"date":"2025-12-18T14:31:38","date_gmt":"2025-12-18T17:31:38","guid":{"rendered":"https:\/\/reidastelhas.com.br\/loja\/?post_type=product&#038;p=2327"},"modified":"2025-12-18T14:31:38","modified_gmt":"2025-12-18T17:31:38","slug":"pisante-madeira","status":"publish","type":"product","link":"https:\/\/reidastelhas.com.br\/loja\/produto\/pisante-madeira\/","title":{"rendered":"PISANTE MADEIRA"},"content":{"rendered":"<p>O Pisante Madeira de Concreto possui\u00a0acabamento que imita madeira, ele valoriza o paisagismo e permite a cria\u00e7\u00e3o de caminhos funcionais em \u00e1reas externas, sem danificar a grama ou a vegeta\u00e7\u00e3o.<\/p>\n","protected":false},"excerpt":{"rendered":"<p>O Pisante Madeira de Concreto possui\u00a0acabamento que imita madeira, ele valoriza o paisagismo e permite a cria\u00e7\u00e3o de caminhos funcionais em \u00e1reas externas, sem danificar a grama ou a vegeta\u00e7\u00e3o.<\/p>\n","protected":false},"featured_media":2328,"template":"","meta":{"_joinchat":[]},"product_brand":[229],"product_cat":[18,22],"product_tag":[],"class_list":{"0":"post-2327","1":"product","2":"type-product","3":"status-publish","4":"has-post-thumbnail","6":"product_brand-artefatos-schmitt","7":"product_cat-artefatos-de-concreto","8":"product_cat-pisantes","10":"first","11":"instock","12":"shipping-taxable","13":"purchasable","14":"product-type-simple"},"_links":{"self":[{"href":"https:\/\/reidastelhas.com.br\/loja\/wp-json\/wp\/v2\/product\/2327","targetHints":{"allow":["GET"]}}],"collection":[{"href":"https:\/\/reidastelhas.com.br\/loja\/wp-json\/wp\/v2\/product"}],"about":[{"href":"https:\/\/reidastelhas.com.br\/loja\/wp-json\/wp\/v2\/types\/product"}],"wp:featuredmedia":[{"embeddable":true,"href":"https:\/\/reidastelhas.com.br\/loja\/wp-json\/wp\/v2\/media\/2328"}],"wp:attachment":[{"href":"https:\/\/reidastelhas.com.br\/loja\/wp-json\/wp\/v2\/media?parent=2327"}],"wp:term":[{"taxonomy":"product_brand","embeddable":true,"href":"https:\/\/reidastelhas.com.br\/loja\/wp-json\/wp\/v2\/product_brand?post=2327"},{"taxonomy":"product_cat","embeddable":true,"href":"https:\/\/reidastelhas.com.br\/loja\/wp-json\/wp\/v2\/product_cat?post=2327"},{"taxonomy":"product_tag","embeddable":true,"href":"https:\/\/reidastelhas.com.br\/loja\/wp-json\/wp\/v2\/product_tag?post=2327"}],"curies":[{"name":"wp","href":"https:\/\/api.w.org\/{rel}","templated":true}]}}