{"id":2344,"date":"2025-12-19T11:50:13","date_gmt":"2025-12-19T14:50:13","guid":{"rendered":"https:\/\/reidastelhas.com.br\/loja\/?post_type=product&#038;p=2344"},"modified":"2025-12-19T11:50:14","modified_gmt":"2025-12-19T14:50:14","slug":"meio-fio-reto-acabamento-arredondado","status":"publish","type":"product","link":"https:\/\/reidastelhas.com.br\/loja\/produto\/meio-fio-reto-acabamento-arredondado\/","title":{"rendered":"meio fio reto acabamento arredondado"},"content":{"rendered":"<p>Projetado para uso externo, o meio-fio reto com acabamento arredondado facilita a organiza\u00e7\u00e3o de canteiros, cal\u00e7adas e jardins, evitando eros\u00e3o do solo e mantendo o alinhamento das \u00e1reas. Seu design sem quinas vivas reduz riscos e melhora o acabamento final do projeto.<\/p>\n","protected":false},"excerpt":{"rendered":"<p>medidas: 5,0 espessura X 20 altura X 80comprimento<\/p>\n","protected":false},"featured_media":2347,"template":"","meta":{"_joinchat":[]},"product_brand":[],"product_cat":[18,21],"product_tag":[],"class_list":{"0":"post-2344","1":"product","2":"type-product","3":"status-publish","4":"has-post-thumbnail","6":"product_cat-artefatos-de-concreto","7":"product_cat-meio-fio","9":"first","10":"instock","11":"shipping-taxable","12":"purchasable","13":"product-type-simple"},"_links":{"self":[{"href":"https:\/\/reidastelhas.com.br\/loja\/wp-json\/wp\/v2\/product\/2344","targetHints":{"allow":["GET"]}}],"collection":[{"href":"https:\/\/reidastelhas.com.br\/loja\/wp-json\/wp\/v2\/product"}],"about":[{"href":"https:\/\/reidastelhas.com.br\/loja\/wp-json\/wp\/v2\/types\/product"}],"wp:featuredmedia":[{"embeddable":true,"href":"https:\/\/reidastelhas.com.br\/loja\/wp-json\/wp\/v2\/media\/2347"}],"wp:attachment":[{"href":"https:\/\/reidastelhas.com.br\/loja\/wp-json\/wp\/v2\/media?parent=2344"}],"wp:term":[{"taxonomy":"product_brand","embeddable":true,"href":"https:\/\/reidastelhas.com.br\/loja\/wp-json\/wp\/v2\/product_brand?post=2344"},{"taxonomy":"product_cat","embeddable":true,"href":"https:\/\/reidastelhas.com.br\/loja\/wp-json\/wp\/v2\/product_cat?post=2344"},{"taxonomy":"product_tag","embeddable":true,"href":"https:\/\/reidastelhas.com.br\/loja\/wp-json\/wp\/v2\/product_tag?post=2344"}],"curies":[{"name":"wp","href":"https:\/\/api.w.org\/{rel}","templated":true}]}}