{"id":2404,"date":"2025-12-22T14:56:18","date_gmt":"2025-12-22T17:56:18","guid":{"rendered":"https:\/\/reidastelhas.com.br\/loja\/?post_type=product&#038;p=2404"},"modified":"2025-12-22T14:56:19","modified_gmt":"2025-12-22T17:56:19","slug":"fogao-luxo-com-chapa-vitroceramica","status":"publish","type":"product","link":"https:\/\/reidastelhas.com.br\/loja\/produto\/fogao-luxo-com-chapa-vitroceramica\/","title":{"rendered":"Fog\u00e3o Luxo com chapa Vitrocer\u00e2mica"},"content":{"rendered":"<p>O Fog\u00e3o Luxo com Chapa Vitrocer\u00e2mica \u00a0une sofistica\u00e7\u00e3o, efici\u00eancia t\u00e9rmica e o sabor tradicional da comida feita no fog\u00e3o a lenha. Desenvolvido para quem busca alto desempenho aliado a um acabamento moderno, \u00e9 ideal para cozinhas externas, \u00e1reas gourmet, s\u00edtios e ch\u00e1caras.<\/p>\n","protected":false},"excerpt":{"rendered":"<p>Medidas:<br \/>\n&#8211; Altura: 710mm<br \/>\n&#8211; Chapa do fog\u00e3o: 415mm x 420mm<\/p>\n","protected":false},"featured_media":2405,"template":"","meta":{"_joinchat":[]},"product_brand":[236],"product_cat":[30,28],"product_tag":[],"class_list":{"0":"post-2404","1":"product","2":"type-product","3":"status-publish","4":"has-post-thumbnail","6":"product_brand-hansen","7":"product_cat-fornos-e-fogoes","8":"product_cat-kit-fornos-e-fogoes","10":"first","11":"instock","12":"shipping-taxable","13":"purchasable","14":"product-type-simple"},"_links":{"self":[{"href":"https:\/\/reidastelhas.com.br\/loja\/wp-json\/wp\/v2\/product\/2404","targetHints":{"allow":["GET"]}}],"collection":[{"href":"https:\/\/reidastelhas.com.br\/loja\/wp-json\/wp\/v2\/product"}],"about":[{"href":"https:\/\/reidastelhas.com.br\/loja\/wp-json\/wp\/v2\/types\/product"}],"wp:featuredmedia":[{"embeddable":true,"href":"https:\/\/reidastelhas.com.br\/loja\/wp-json\/wp\/v2\/media\/2405"}],"wp:attachment":[{"href":"https:\/\/reidastelhas.com.br\/loja\/wp-json\/wp\/v2\/media?parent=2404"}],"wp:term":[{"taxonomy":"product_brand","embeddable":true,"href":"https:\/\/reidastelhas.com.br\/loja\/wp-json\/wp\/v2\/product_brand?post=2404"},{"taxonomy":"product_cat","embeddable":true,"href":"https:\/\/reidastelhas.com.br\/loja\/wp-json\/wp\/v2\/product_cat?post=2404"},{"taxonomy":"product_tag","embeddable":true,"href":"https:\/\/reidastelhas.com.br\/loja\/wp-json\/wp\/v2\/product_tag?post=2404"}],"curies":[{"name":"wp","href":"https:\/\/api.w.org\/{rel}","templated":true}]}}