{"id":2413,"date":"2025-12-22T15:27:53","date_gmt":"2025-12-22T18:27:53","guid":{"rendered":"https:\/\/reidastelhas.com.br\/loja\/?post_type=product&#038;p=2413"},"modified":"2025-12-22T15:27:53","modified_gmt":"2025-12-22T18:27:53","slug":"fogao-preto-com-gabinete-e-chapa-vitroceramica","status":"publish","type":"product","link":"https:\/\/reidastelhas.com.br\/loja\/produto\/fogao-preto-com-gabinete-e-chapa-vitroceramica\/","title":{"rendered":"Fog\u00e3o Preto com Gabinete e chapa vitrocer\u00e2mica"},"content":{"rendered":"<p>O Fog\u00e3o Preto com Gabinete e Chapa Vitrocer\u00e2mica \u00e9 ideal para quem busca efici\u00eancia, durabilidade e um visual moderno aliado ao estilo tradicional do fog\u00e3o a lenha. Com acabamento na cor preta, ele se adapta facilmente a cozinhas externas, \u00e1reas gourmet, s\u00edtios e ch\u00e1caras.<\/p>\n","protected":false},"excerpt":{"rendered":"<p><u>CHAPA VITROCER\u00c2MICA<\/u><br \/>\n&#8211; Dimens\u00e3o s\u00f3 da chapa vitrocer\u00e2mica 795mm x 495mm<br \/>\n&#8211; Largura com a borda de inox: 895mm<br \/>\n&#8211; Profundidade: 592mm<br \/>\n&#8211; Altura: 850mm<br \/>\n&#8211; Dimens\u00e3o do forninho: Largura 330mm &#8211; Profundidade: 490mm &#8211; Altura: 250mm<\/p>\n","protected":false},"featured_media":2414,"template":"","meta":{"_joinchat":[]},"product_brand":[236],"product_cat":[30,28],"product_tag":[],"class_list":{"0":"post-2413","1":"product","2":"type-product","3":"status-publish","4":"has-post-thumbnail","6":"product_brand-hansen","7":"product_cat-fornos-e-fogoes","8":"product_cat-kit-fornos-e-fogoes","10":"first","11":"instock","12":"shipping-taxable","13":"purchasable","14":"product-type-simple"},"_links":{"self":[{"href":"https:\/\/reidastelhas.com.br\/loja\/wp-json\/wp\/v2\/product\/2413","targetHints":{"allow":["GET"]}}],"collection":[{"href":"https:\/\/reidastelhas.com.br\/loja\/wp-json\/wp\/v2\/product"}],"about":[{"href":"https:\/\/reidastelhas.com.br\/loja\/wp-json\/wp\/v2\/types\/product"}],"wp:featuredmedia":[{"embeddable":true,"href":"https:\/\/reidastelhas.com.br\/loja\/wp-json\/wp\/v2\/media\/2414"}],"wp:attachment":[{"href":"https:\/\/reidastelhas.com.br\/loja\/wp-json\/wp\/v2\/media?parent=2413"}],"wp:term":[{"taxonomy":"product_brand","embeddable":true,"href":"https:\/\/reidastelhas.com.br\/loja\/wp-json\/wp\/v2\/product_brand?post=2413"},{"taxonomy":"product_cat","embeddable":true,"href":"https:\/\/reidastelhas.com.br\/loja\/wp-json\/wp\/v2\/product_cat?post=2413"},{"taxonomy":"product_tag","embeddable":true,"href":"https:\/\/reidastelhas.com.br\/loja\/wp-json\/wp\/v2\/product_tag?post=2413"}],"curies":[{"name":"wp","href":"https:\/\/api.w.org\/{rel}","templated":true}]}}