{"id":2458,"date":"2026-01-10T10:08:50","date_gmt":"2026-01-10T13:08:50","guid":{"rendered":"https:\/\/reidastelhas.com.br\/loja\/?post_type=product&#038;p=2458"},"modified":"2026-01-10T11:06:23","modified_gmt":"2026-01-10T14:06:23","slug":"espeto-chato-cabo-aluminio-60cm-inox","status":"publish","type":"product","link":"https:\/\/reidastelhas.com.br\/loja\/produto\/espeto-chato-cabo-aluminio-60cm-inox\/","title":{"rendered":"ESPETO CHATO COM CABO ALUMINIO INOX"},"content":{"rendered":"<p class=\"_aupe copyable-text x15bjb6t x1n2onr6\"><span class=\"_aupe copyable-text xkrh14z\">Um bom churrasco fica ainda melhor com o espeto certo.<\/span><\/p>\n<p class=\"_aupe copyable-text x15bjb6t x1n2onr6\"><span class=\"_aupe copyable-text xkrh14z\"><br \/>\nO Espeto para Churrasco, com l\u00e2mina em a\u00e7o inox, oferece alta resist\u00eancia, durabilidade e excelente desempenho no preparo de carnes e petiscos.<\/span><\/p>\n<p class=\"_aupe copyable-text x15bjb6t x1n2onr6\"><span class=\"_aupe copyable-text xkrh14z\">Seu cabo revestido em alum\u00ednio n\u00e3o superaquece, garantindo mais seguran\u00e7a durante o uso, al\u00e9m de ser f\u00e1cil de limpar e altamente resistente.<\/span><\/p>\n<p>&nbsp;<\/p>\n<p class=\"_aupe copyable-text x15bjb6t x1n2onr6\"><span class=\"_aupe copyable-text xkrh14z\">Benef\u00edcios do Produto:<\/span><\/p>\n<p class=\"_aupe copyable-text x15bjb6t x1n2onr6\"><span class=\"_aupe copyable-text xkrh14z\">Cabo com comprimento ideal, evitando o contato com a l\u00e2mina quente<\/span><\/p>\n<p class=\"_aupe copyable-text x15bjb6t x1n2onr6\"><span class=\"_aupe copyable-text xkrh14z\">Fabricado em material de alta qualidade que n\u00e3o enferruja nem corr\u00f3i<\/span><\/p>\n<p class=\"_aupe copyable-text x15bjb6t x1n2onr6\"><span class=\"_aupe copyable-text xkrh14z\">Design moderno e elegante<\/span><\/p>\n<p class=\"_aupe copyable-text x15bjb6t x1n2onr6\"><span class=\"_aupe copyable-text xkrh14z\">Proporciona um preparo mais pr\u00e1tico e seguro do churrasco<\/span><\/p>\n<p class=\"_aupe copyable-text x15bjb6t x1n2onr6\"><span class=\"_aupe copyable-text xkrh14z\">Revestimento em alum\u00ednio que evita queimaduras e valoriza o acabamento<\/span><\/p>\n<p class=\"_aupe copyable-text x15bjb6t x1n2onr6\"><span class=\"_aupe copyable-text xkrh14z\">L\u00e2mina com tamanho ideal, compat\u00edvel com diversos modelos de churrasqueira<\/span><\/p>\n<p class=\"_aupe copyable-text x15bjb6t x1n2onr6\"><span class=\"_aupe copyable-text xkrh14z\">Superf\u00edcie lisa, f\u00e1cil de limpar e que n\u00e3o acumula res\u00edduos<\/span><\/p>\n<p class=\"_aupe copyable-text x15bjb6t x1n2onr6\"><span class=\"_aupe copyable-text xkrh14z\">Modelo perfeito para o preparo de carnes, espetinhos e petiscos<\/span><\/p>\n","protected":false},"excerpt":{"rendered":"<p>V\u00e1rias medidas dispon\u00edveis!<\/p>\n","protected":false},"featured_media":2460,"template":"","meta":{"_joinchat":[]},"product_brand":[224],"product_cat":[36,41],"product_tag":[],"class_list":{"0":"post-2458","1":"product","2":"type-product","3":"status-publish","4":"has-post-thumbnail","6":"product_brand-laurindos","7":"product_cat-acessorios-gourmet","8":"product_cat-espetos-e-acessorios-geral","10":"first","11":"instock","12":"shipping-taxable","13":"purchasable","14":"product-type-variable"},"_links":{"self":[{"href":"https:\/\/reidastelhas.com.br\/loja\/wp-json\/wp\/v2\/product\/2458","targetHints":{"allow":["GET"]}}],"collection":[{"href":"https:\/\/reidastelhas.com.br\/loja\/wp-json\/wp\/v2\/product"}],"about":[{"href":"https:\/\/reidastelhas.com.br\/loja\/wp-json\/wp\/v2\/types\/product"}],"wp:featuredmedia":[{"embeddable":true,"href":"https:\/\/reidastelhas.com.br\/loja\/wp-json\/wp\/v2\/media\/2460"}],"wp:attachment":[{"href":"https:\/\/reidastelhas.com.br\/loja\/wp-json\/wp\/v2\/media?parent=2458"}],"wp:term":[{"taxonomy":"product_brand","embeddable":true,"href":"https:\/\/reidastelhas.com.br\/loja\/wp-json\/wp\/v2\/product_brand?post=2458"},{"taxonomy":"product_cat","embeddable":true,"href":"https:\/\/reidastelhas.com.br\/loja\/wp-json\/wp\/v2\/product_cat?post=2458"},{"taxonomy":"product_tag","embeddable":true,"href":"https:\/\/reidastelhas.com.br\/loja\/wp-json\/wp\/v2\/product_tag?post=2458"}],"curies":[{"name":"wp","href":"https:\/\/api.w.org\/{rel}","templated":true}]}}