{"id":2472,"date":"2026-01-10T10:36:11","date_gmt":"2026-01-10T13:36:11","guid":{"rendered":"https:\/\/reidastelhas.com.br\/loja\/?post_type=product&#038;p=2472"},"modified":"2026-01-10T10:40:50","modified_gmt":"2026-01-10T13:40:50","slug":"espeto-chato-giratorio-inox-60-cm","status":"publish","type":"product","link":"https:\/\/reidastelhas.com.br\/loja\/produto\/espeto-chato-giratorio-inox-60-cm\/","title":{"rendered":"ESPETO CHATO GIRATORIO INOX"},"content":{"rendered":"<p class=\"_aupe copyable-text x15bjb6t x1n2onr6\"><span class=\"_aupe copyable-text xkrh14z\">Um bom churrasco fica ainda melhor com o espeto certo. O Espeto Girat\u00f3rio, com l\u00e2mina em a\u00e7o inox, oferece alta resist\u00eancia, durabilidade e excelente desempenho no preparo de carnes e petiscos.<\/span><\/p>\n<p class=\"_aupe copyable-text x15bjb6t x1n2onr6\"><span class=\"_aupe copyable-text xkrh14z\">Seu cabo revestido em alum\u00ednio n\u00e3o superaquece, garantindo mais seguran\u00e7a no manuseio, al\u00e9m de ser f\u00e1cil de limpar e altamente resistente.<\/span><\/p>\n<p class=\"_aupe copyable-text x15bjb6t x1n2onr6\"><span class=\"_aupe copyable-text xkrh14z\">Importante:<\/span><\/p>\n<p class=\"_aupe copyable-text x15bjb6t x1n2onr6\"><span class=\"_aupe copyable-text xkrh14z\">Este espeto \u00e9 compat\u00edvel exclusivamente com churrasqueiras da marca Laurindos.<\/span><\/p>\n<p class=\"_aupe copyable-text x15bjb6t x1n2onr6\"><span class=\"_aupe copyable-text xkrh14z\">Conta com roldana multiponto com 17 posi\u00e7\u00f5es de 35 mm, proporcionando melhor ajuste e efici\u00eancia no giro.<\/span><\/p>\n<p>&nbsp;<\/p>\n<p class=\"_aupe copyable-text x15bjb6t x1n2onr6\"><span class=\"_aupe copyable-text xkrh14z\">Benef\u00edcios do Produto<\/span><\/p>\n<p class=\"_aupe copyable-text x15bjb6t x1n2onr6\"><span class=\"_aupe copyable-text xkrh14z\">Cabo com comprimento ideal, evitando o contato com a l\u00e2mina quente<\/span><\/p>\n<p class=\"_aupe copyable-text x15bjb6t x1n2onr6\"><span class=\"_aupe copyable-text xkrh14z\">Material de alta qualidade que n\u00e3o enferruja nem corr\u00f3i<\/span><\/p>\n<p class=\"_aupe copyable-text x15bjb6t x1n2onr6\"><span class=\"_aupe copyable-text xkrh14z\">Design moderno e elegante<\/span><\/p>\n<p class=\"_aupe copyable-text x15bjb6t x1n2onr6\"><span class=\"_aupe copyable-text xkrh14z\">Proporciona um preparo mais pr\u00e1tico e eficiente do churrasco<\/span><\/p>\n<p class=\"_aupe copyable-text x15bjb6t x1n2onr6\"><span class=\"_aupe copyable-text xkrh14z\">Revestimento em alum\u00ednio que evita queimaduras e valoriza o acabamento<\/span><\/p>\n<p class=\"_aupe copyable-text x15bjb6t x1n2onr6\"><span class=\"_aupe copyable-text xkrh14z\">L\u00e2mina com tamanho ideal para churrasqueiras compat\u00edveis<\/span><\/p>\n<p class=\"_aupe copyable-text x15bjb6t x1n2onr6\"><span class=\"_aupe copyable-text xkrh14z\">Superf\u00edcie lisa, f\u00e1cil de limpar e que n\u00e3o acumula res\u00edduos<\/span><\/p>\n<p class=\"_aupe copyable-text x15bjb6t x1n2onr6\"><span class=\"_aupe copyable-text xkrh14z\">Modelo perfeito para o preparo de carnes, espetinhos e petiscos<\/span><\/p>\n","protected":false},"excerpt":{"rendered":"<p>Duas op\u00e7\u00f5es de medidas!<\/p>\n","protected":false},"featured_media":2474,"template":"","meta":{"_joinchat":[]},"product_brand":[224],"product_cat":[36,41],"product_tag":[],"class_list":{"0":"post-2472","1":"product","2":"type-product","3":"status-publish","4":"has-post-thumbnail","6":"product_brand-laurindos","7":"product_cat-acessorios-gourmet","8":"product_cat-espetos-e-acessorios-geral","10":"first","11":"instock","12":"shipping-taxable","13":"purchasable","14":"product-type-variable"},"_links":{"self":[{"href":"https:\/\/reidastelhas.com.br\/loja\/wp-json\/wp\/v2\/product\/2472","targetHints":{"allow":["GET"]}}],"collection":[{"href":"https:\/\/reidastelhas.com.br\/loja\/wp-json\/wp\/v2\/product"}],"about":[{"href":"https:\/\/reidastelhas.com.br\/loja\/wp-json\/wp\/v2\/types\/product"}],"wp:featuredmedia":[{"embeddable":true,"href":"https:\/\/reidastelhas.com.br\/loja\/wp-json\/wp\/v2\/media\/2474"}],"wp:attachment":[{"href":"https:\/\/reidastelhas.com.br\/loja\/wp-json\/wp\/v2\/media?parent=2472"}],"wp:term":[{"taxonomy":"product_brand","embeddable":true,"href":"https:\/\/reidastelhas.com.br\/loja\/wp-json\/wp\/v2\/product_brand?post=2472"},{"taxonomy":"product_cat","embeddable":true,"href":"https:\/\/reidastelhas.com.br\/loja\/wp-json\/wp\/v2\/product_cat?post=2472"},{"taxonomy":"product_tag","embeddable":true,"href":"https:\/\/reidastelhas.com.br\/loja\/wp-json\/wp\/v2\/product_tag?post=2472"}],"curies":[{"name":"wp","href":"https:\/\/api.w.org\/{rel}","templated":true}]}}