{"id":2514,"date":"2026-01-10T11:57:42","date_gmt":"2026-01-10T14:57:42","guid":{"rendered":"https:\/\/reidastelhas.com.br\/loja\/?post_type=product&#038;p=2514"},"modified":"2026-01-10T11:58:37","modified_gmt":"2026-01-10T14:58:37","slug":"barra-magnetica","status":"publish","type":"product","link":"https:\/\/reidastelhas.com.br\/loja\/produto\/barra-magnetica\/","title":{"rendered":"Barra Magn\u00e9tica"},"content":{"rendered":"<p>Barra Magn\u00e9tica de 30 e 50 cm<\/p>\n<p>Material em polipropileno.<\/p>\n<p>Ideal para organiza\u00e7\u00e3o de utens\u00edlios em metal.<\/p>\n<p>&nbsp;<\/p>\n","protected":false},"excerpt":{"rendered":"<p>Imagens meramente ilustrativas, facas n\u00e3o acompanham o produto.<br \/>\nDispon\u00edvel em duas medidas para melhor atender \u00e0s suas necessidades.<\/p>\n","protected":false},"featured_media":2515,"template":"","meta":{"_joinchat":[]},"product_brand":[238],"product_cat":[36,41],"product_tag":[],"class_list":{"0":"post-2514","1":"product","2":"type-product","3":"status-publish","4":"has-post-thumbnail","6":"product_brand-xpeto","7":"product_cat-acessorios-gourmet","8":"product_cat-espetos-e-acessorios-geral","10":"first","11":"instock","12":"shipping-taxable","13":"purchasable","14":"product-type-variable"},"_links":{"self":[{"href":"https:\/\/reidastelhas.com.br\/loja\/wp-json\/wp\/v2\/product\/2514","targetHints":{"allow":["GET"]}}],"collection":[{"href":"https:\/\/reidastelhas.com.br\/loja\/wp-json\/wp\/v2\/product"}],"about":[{"href":"https:\/\/reidastelhas.com.br\/loja\/wp-json\/wp\/v2\/types\/product"}],"wp:featuredmedia":[{"embeddable":true,"href":"https:\/\/reidastelhas.com.br\/loja\/wp-json\/wp\/v2\/media\/2515"}],"wp:attachment":[{"href":"https:\/\/reidastelhas.com.br\/loja\/wp-json\/wp\/v2\/media?parent=2514"}],"wp:term":[{"taxonomy":"product_brand","embeddable":true,"href":"https:\/\/reidastelhas.com.br\/loja\/wp-json\/wp\/v2\/product_brand?post=2514"},{"taxonomy":"product_cat","embeddable":true,"href":"https:\/\/reidastelhas.com.br\/loja\/wp-json\/wp\/v2\/product_cat?post=2514"},{"taxonomy":"product_tag","embeddable":true,"href":"https:\/\/reidastelhas.com.br\/loja\/wp-json\/wp\/v2\/product_tag?post=2514"}],"curies":[{"name":"wp","href":"https:\/\/api.w.org\/{rel}","templated":true}]}}