{"id":2781,"date":"2026-01-14T10:14:59","date_gmt":"2026-01-14T13:14:59","guid":{"rendered":"https:\/\/reidastelhas.com.br\/loja\/?post_type=product&#038;p=2781"},"modified":"2026-01-14T10:43:02","modified_gmt":"2026-01-14T13:43:02","slug":"kit-braseiro-630-suporte-flutuante-grelha-moeda-inox-42x34","status":"publish","type":"product","link":"https:\/\/reidastelhas.com.br\/loja\/produto\/kit-braseiro-630-suporte-flutuante-grelha-moeda-inox-42x34\/","title":{"rendered":"KIT BRASEIRO 63CM + SUPORTE FLUTUANTE + GRELHA MOEDA + 4 ESPETOS"},"content":{"rendered":"<p>O Conjunto Braseiro com Suporte Flutuante \u00e9 a solu\u00e7\u00e3o ideal para quem busca praticidade, efici\u00eancia e excelente desempenho na hora de preparar carnes. Com design inovador e capacidade para 4 espetos, o sistema proporciona um churrasco mais uniforme e suculento, perfeito para encontros, confraterniza\u00e7\u00f5es e momentos especiais.<\/p>\n<p><strong>Destaques do Conjunto<\/strong><\/p>\n<p>Grelha descanso em a\u00e7o inox 430, cortada a laser, medindo 46 \u00d7 20 cm<br \/>\nGrelha moeda exclusiva em a\u00e7o inox 430 ultra brilhante, com 40 \u00d7 32 cm<br \/>\n4 espetos em a\u00e7o inox, com cabo de madeira revestido em alum\u00ednio brilhante<br \/>\nPorta-espetos integrado ao suporte flutuante, com capacidade para 4 espetos<\/p>\n<p><strong>Itens Inclusos<\/strong><\/p>\n<p>1 Conjunto Braseiro com Suporte Flutuante e Grelha Moeda<br \/>\n4 Espetos em a\u00e7o inox<\/p>\n","protected":false},"excerpt":{"rendered":"<p class=\"_aupe copyable-text x15bjb6t x1n2onr6\"><strong><span class=\"_aupe copyable-text xkrh14z\">Grelha Descanso<br \/>\n<\/span><\/strong><span class=\"_aupe copyable-text xkrh14z\">Largura: 46 cm<br \/>\n<\/span><span class=\"_aupe copyable-text xkrh14z\">Profundidade: 20 cm<\/span><\/p>\n<p class=\"_aupe copyable-text x15bjb6t x1n2onr6\"><strong><span class=\"_aupe copyable-text xkrh14z\">Grelha Moeda<br \/>\n<\/span><\/strong><span class=\"_aupe copyable-text xkrh14z\">Largura: 40 cm<br \/>\n<\/span><span class=\"_aupe copyable-text xkrh14z\">Profundidade: 32 cm<\/span><\/p>\n<p class=\"_aupe copyable-text x15bjb6t x1n2onr6\"><strong><span class=\"_aupe copyable-text xkrh14z\">Espetos: <\/span><\/strong><span class=\"_aupe copyable-text xkrh14z\">40 cm de l\u00e2mina + 11 cm de cabo<\/span><\/p>\n<p class=\"_aupe copyable-text x15bjb6t x1n2onr6\"><strong><span class=\"_aupe copyable-text xkrh14z\">Porta-Espetos: <\/span><\/strong><span class=\"_aupe copyable-text xkrh14z\">Comprimento: 46 cm<\/span><\/p>\n<p class=\"_aupe copyable-text x15bjb6t x1n2onr6\"><strong><span class=\"_aupe copyable-text xkrh14z\">Suporte Flutuante<br \/>\n<\/span><\/strong><span class=\"_aupe copyable-text xkrh14z\">Altura: 38,5 cm<br \/>\n<\/span><span class=\"_aupe copyable-text xkrh14z\">Largura: 50,5 cm<br \/>\n<\/span><span class=\"_aupe copyable-text xkrh14z\">Profundidade: 42,5 cm<br \/>\n<\/span><span class=\"_aupe copyable-text xkrh14z\">Estrutura (Esqueleto) do Braseiro<br \/>\n<\/span><span class=\"_aupe copyable-text xkrh14z\">Altura: 118 cm<\/span><\/p>\n<p class=\"_aupe copyable-text x15bjb6t x1n2onr6\"><strong><span class=\"_aupe copyable-text xkrh14z\">Base do Suporte do Braseiro: <\/span><\/strong><span class=\"_aupe copyable-text xkrh14z\">58 cm (largura) \u00d7 49 cm (profundidade) \u00d7 79,5 cm (altura)<\/span><\/p>\n","protected":false},"featured_media":2782,"template":"","meta":{"_joinchat":[]},"product_brand":[224],"product_cat":[40],"product_tag":[],"class_list":{"0":"post-2781","1":"product","2":"type-product","3":"status-publish","4":"has-post-thumbnail","6":"product_brand-laurindos","7":"product_cat-grelhas","9":"first","10":"instock","11":"shipping-taxable","12":"purchasable","13":"product-type-simple"},"_links":{"self":[{"href":"https:\/\/reidastelhas.com.br\/loja\/wp-json\/wp\/v2\/product\/2781","targetHints":{"allow":["GET"]}}],"collection":[{"href":"https:\/\/reidastelhas.com.br\/loja\/wp-json\/wp\/v2\/product"}],"about":[{"href":"https:\/\/reidastelhas.com.br\/loja\/wp-json\/wp\/v2\/types\/product"}],"wp:featuredmedia":[{"embeddable":true,"href":"https:\/\/reidastelhas.com.br\/loja\/wp-json\/wp\/v2\/media\/2782"}],"wp:attachment":[{"href":"https:\/\/reidastelhas.com.br\/loja\/wp-json\/wp\/v2\/media?parent=2781"}],"wp:term":[{"taxonomy":"product_brand","embeddable":true,"href":"https:\/\/reidastelhas.com.br\/loja\/wp-json\/wp\/v2\/product_brand?post=2781"},{"taxonomy":"product_cat","embeddable":true,"href":"https:\/\/reidastelhas.com.br\/loja\/wp-json\/wp\/v2\/product_cat?post=2781"},{"taxonomy":"product_tag","embeddable":true,"href":"https:\/\/reidastelhas.com.br\/loja\/wp-json\/wp\/v2\/product_tag?post=2781"}],"curies":[{"name":"wp","href":"https:\/\/api.w.org\/{rel}","templated":true}]}}