{"id":3074,"date":"2026-02-20T14:55:30","date_gmt":"2026-02-20T17:55:30","guid":{"rendered":"https:\/\/reidastelhas.com.br\/loja\/?post_type=product&#038;p=3074"},"modified":"2026-02-20T14:55:30","modified_gmt":"2026-02-20T17:55:30","slug":"perlato","status":"publish","type":"product","link":"https:\/\/reidastelhas.com.br\/loja\/produto\/perlato\/","title":{"rendered":"PERLATO"},"content":{"rendered":"<p class=\"_aupe copyable-text x15bjb6t x1n2onr6\"><span class=\"_aupe copyable-text xkrh14z\">As placas vin\u00edlicas s\u00e3o a escolha ideal para quem busca resist\u00eancia, praticidade e facilidade na instala\u00e7\u00e3o. Perfeitas para ambientes residenciais e comerciais, elas proporcionam um excelente acabamento e um visual moderno que valoriza qualquer espa\u00e7o.<\/span><\/p>\n<p class=\"_aupe copyable-text x15bjb6t x1n2onr6\"><span class=\"_aupe copyable-text xkrh14z\">Al\u00e9m de bonitas, s\u00e3o f\u00e1ceis de limpar e possuem \u00f3tima durabilidade, sendo uma solu\u00e7\u00e3o inteligente para reformas r\u00e1pidas e ambientes que exigem praticidade no dia a dia.<\/span><\/p>\n","protected":false},"excerpt":{"rendered":"<p>As placas vin\u00edlicas s\u00e3o a escolha ideal para quem busca resist\u00eancia, praticidade e facilidade na instala\u00e7\u00e3o. Perfeitas para ambientes residenciais e comerciais, elas proporcionam um excelente acabamento e um visual moderno que valoriza qualquer espa\u00e7o. Al\u00e9m de bonitas, s\u00e3o f\u00e1ceis de limpar e possuem \u00f3tima durabilidade, sendo uma solu\u00e7\u00e3o inteligente para reformas r\u00e1pidas e ambientes [&hellip;]<\/p>\n","protected":false},"featured_media":3076,"template":"","meta":{"_joinchat":[]},"product_brand":[278],"product_cat":[277],"product_tag":[],"class_list":{"0":"post-3074","1":"product","2":"type-product","3":"status-publish","4":"has-post-thumbnail","6":"product_brand-pix","7":"product_cat-placa-vinilica","9":"first","10":"instock","11":"shipping-taxable","12":"purchasable","13":"product-type-simple"},"_links":{"self":[{"href":"https:\/\/reidastelhas.com.br\/loja\/wp-json\/wp\/v2\/product\/3074","targetHints":{"allow":["GET"]}}],"collection":[{"href":"https:\/\/reidastelhas.com.br\/loja\/wp-json\/wp\/v2\/product"}],"about":[{"href":"https:\/\/reidastelhas.com.br\/loja\/wp-json\/wp\/v2\/types\/product"}],"wp:featuredmedia":[{"embeddable":true,"href":"https:\/\/reidastelhas.com.br\/loja\/wp-json\/wp\/v2\/media\/3076"}],"wp:attachment":[{"href":"https:\/\/reidastelhas.com.br\/loja\/wp-json\/wp\/v2\/media?parent=3074"}],"wp:term":[{"taxonomy":"product_brand","embeddable":true,"href":"https:\/\/reidastelhas.com.br\/loja\/wp-json\/wp\/v2\/product_brand?post=3074"},{"taxonomy":"product_cat","embeddable":true,"href":"https:\/\/reidastelhas.com.br\/loja\/wp-json\/wp\/v2\/product_cat?post=3074"},{"taxonomy":"product_tag","embeddable":true,"href":"https:\/\/reidastelhas.com.br\/loja\/wp-json\/wp\/v2\/product_tag?post=3074"}],"curies":[{"name":"wp","href":"https:\/\/api.w.org\/{rel}","templated":true}]}}