{"id":3080,"date":"2026-02-23T08:30:55","date_gmt":"2026-02-23T11:30:55","guid":{"rendered":"https:\/\/reidastelhas.com.br\/loja\/?post_type=product&#038;p=3080"},"modified":"2026-02-23T08:30:55","modified_gmt":"2026-02-23T11:30:55","slug":"tampa-para-forno-iglu-inox-430-45x30-cm","status":"publish","type":"product","link":"https:\/\/reidastelhas.com.br\/loja\/produto\/tampa-para-forno-iglu-inox-430-45x30-cm\/","title":{"rendered":"Tampa para Forno Iglu Inox 430 \u2013 45&#215;30 cm"},"content":{"rendered":"<p>A Tampa para Forno Iglu em Inox 430 \u00e9 ideal para garantir melhor veda\u00e7\u00e3o, conserva\u00e7\u00e3o do calor e maior efici\u00eancia no preparo dos alimentos. Fabricada em a\u00e7o inox de alta qualidade, oferece resist\u00eancia, durabilidade e excelente acabamento.<\/p>\n","protected":false},"excerpt":{"rendered":"<p><span class=\"_aupe copyable-text xkrh14z\">Dimens\u00f5es:<br \/>\n<\/span><span class=\"_aupe copyable-text xkrh14z\">&#8211; Largura: 45 cm<br \/>\n<\/span><span class=\"_aupe copyable-text xkrh14z\">&#8211; Altura: 30 cm<br \/>\n<\/span><span class=\"_aupe copyable-text xkrh14z\">&#8211; Base: 3 cm<br \/>\n<\/span><span class=\"_aupe copyable-text xkrh14z\">&#8211; Peso: 480 gramas<\/span><\/p>\n","protected":false},"featured_media":3085,"template":"","meta":{"_joinchat":[]},"product_brand":[224],"product_cat":[38],"product_tag":[],"class_list":{"0":"post-3080","1":"product","2":"type-product","3":"status-publish","4":"has-post-thumbnail","6":"product_brand-laurindos","7":"product_cat-portas-forno-e-fogao","9":"first","10":"instock","11":"shipping-taxable","12":"purchasable","13":"product-type-simple"},"_links":{"self":[{"href":"https:\/\/reidastelhas.com.br\/loja\/wp-json\/wp\/v2\/product\/3080","targetHints":{"allow":["GET"]}}],"collection":[{"href":"https:\/\/reidastelhas.com.br\/loja\/wp-json\/wp\/v2\/product"}],"about":[{"href":"https:\/\/reidastelhas.com.br\/loja\/wp-json\/wp\/v2\/types\/product"}],"wp:featuredmedia":[{"embeddable":true,"href":"https:\/\/reidastelhas.com.br\/loja\/wp-json\/wp\/v2\/media\/3085"}],"wp:attachment":[{"href":"https:\/\/reidastelhas.com.br\/loja\/wp-json\/wp\/v2\/media?parent=3080"}],"wp:term":[{"taxonomy":"product_brand","embeddable":true,"href":"https:\/\/reidastelhas.com.br\/loja\/wp-json\/wp\/v2\/product_brand?post=3080"},{"taxonomy":"product_cat","embeddable":true,"href":"https:\/\/reidastelhas.com.br\/loja\/wp-json\/wp\/v2\/product_cat?post=3080"},{"taxonomy":"product_tag","embeddable":true,"href":"https:\/\/reidastelhas.com.br\/loja\/wp-json\/wp\/v2\/product_tag?post=3080"}],"curies":[{"name":"wp","href":"https:\/\/api.w.org\/{rel}","templated":true}]}}