{"id":3178,"date":"2026-04-22T14:39:28","date_gmt":"2026-04-22T17:39:28","guid":{"rendered":"https:\/\/reidastelhas.com.br\/loja\/?post_type=product&#038;p=3178"},"modified":"2026-04-22T14:39:29","modified_gmt":"2026-04-22T17:39:29","slug":"sanduicheira-forma-simples","status":"publish","type":"product","link":"https:\/\/reidastelhas.com.br\/loja\/produto\/sanduicheira-forma-simples\/","title":{"rendered":"Sanduicheira Forma Simples"},"content":{"rendered":"<p data-start=\"150\" data-end=\"406\">Prepare lanches irresist\u00edveis com praticidade e qualidade usando a Sanduicheira. Produzida em ferro fundido, ela garante aquecimento uniforme e r\u00e1pido, deixando seus sandu\u00edches, grelhados e carnes muito mais saborosos e no ponto ideal.<\/p>\n<p data-start=\"408\" data-end=\"575\">Sua estrutura robusta oferece alta durabilidade, enquanto os cabos de madeira proporcionam um manuseio seguro e confort\u00e1vel, evitando o contato direto com o calor.<\/p>\n<p data-start=\"577\" data-end=\"785\">Conta com revestimento em \u00f3leo 100% vegetal, aplicado de forma natural, sem agentes qu\u00edmicos, garantindo mais seguran\u00e7a para sua sa\u00fade e contribuindo com o meio ambiente.<\/p>\n<p data-start=\"787\" data-end=\"902\">Vers\u00e1til e eficiente, \u00e9 perfeita para o preparo de sandu\u00edches, carnes, legumes grelhados e muito mais no dia a dia.<\/p>\n","protected":false},"excerpt":{"rendered":"<p>Prepare lanches irresist\u00edveis com praticidade e qualidade usando a Sanduicheira. Produzida em ferro fundido, ela garante aquecimento uniforme e r\u00e1pido, deixando seus sandu\u00edches, grelhados e carnes muito mais saborosos e no ponto ideal. Sua estrutura robusta oferece alta durabilidade, enquanto os cabos de madeira proporcionam um manuseio seguro e confort\u00e1vel, evitando o contato direto com [&hellip;]<\/p>\n","protected":false},"featured_media":3182,"template":"","meta":{"_joinchat":[]},"product_brand":[279],"product_cat":[39],"product_tag":[],"class_list":{"0":"post-3178","1":"product","2":"type-product","3":"status-publish","4":"has-post-thumbnail","6":"product_brand-santana","7":"product_cat-tabuas","9":"first","10":"instock","11":"shipping-taxable","12":"purchasable","13":"product-type-simple"},"_links":{"self":[{"href":"https:\/\/reidastelhas.com.br\/loja\/wp-json\/wp\/v2\/product\/3178","targetHints":{"allow":["GET"]}}],"collection":[{"href":"https:\/\/reidastelhas.com.br\/loja\/wp-json\/wp\/v2\/product"}],"about":[{"href":"https:\/\/reidastelhas.com.br\/loja\/wp-json\/wp\/v2\/types\/product"}],"wp:featuredmedia":[{"embeddable":true,"href":"https:\/\/reidastelhas.com.br\/loja\/wp-json\/wp\/v2\/media\/3182"}],"wp:attachment":[{"href":"https:\/\/reidastelhas.com.br\/loja\/wp-json\/wp\/v2\/media?parent=3178"}],"wp:term":[{"taxonomy":"product_brand","embeddable":true,"href":"https:\/\/reidastelhas.com.br\/loja\/wp-json\/wp\/v2\/product_brand?post=3178"},{"taxonomy":"product_cat","embeddable":true,"href":"https:\/\/reidastelhas.com.br\/loja\/wp-json\/wp\/v2\/product_cat?post=3178"},{"taxonomy":"product_tag","embeddable":true,"href":"https:\/\/reidastelhas.com.br\/loja\/wp-json\/wp\/v2\/product_tag?post=3178"}],"curies":[{"name":"wp","href":"https:\/\/api.w.org\/{rel}","templated":true}]}}