{"id":3188,"date":"2026-04-22T14:52:23","date_gmt":"2026-04-22T17:52:23","guid":{"rendered":"https:\/\/reidastelhas.com.br\/loja\/?post_type=product&#038;p=3188"},"modified":"2026-04-22T14:52:23","modified_gmt":"2026-04-22T17:52:23","slug":"waffle","status":"publish","type":"product","link":"https:\/\/reidastelhas.com.br\/loja\/produto\/waffle\/","title":{"rendered":"Waffle"},"content":{"rendered":"<p data-start=\"121\" data-end=\"322\">Prepare waffles crocantes por fora e macios por dentro com a Forma de Waffle. Produzida em ferro fundido, garante aquecimento uniforme, proporcionando resultados perfeitos em cada preparo.<\/p>\n<p data-start=\"324\" data-end=\"485\">Seu revestimento com \u00f3leo 100% vegetal facilita a limpeza e ajuda a evitar que a massa grude, al\u00e9m de ser uma op\u00e7\u00e3o mais saud\u00e1vel, livre de agentes qu\u00edmicos.<\/p>\n<p data-start=\"487\" data-end=\"649\">Vers\u00e1til e resistente, pode ser utilizada em diversos tipos de fog\u00e3o: a g\u00e1s, el\u00e9trico, a lenha e at\u00e9 cooktop de indu\u00e7\u00e3o, se adaptando facilmente \u00e0 sua rotina.<\/p>\n<p data-start=\"651\" data-end=\"775\">Ideal para o preparo de waffles caseiros com qualidade profissional, trazendo mais praticidade e sabor para o seu dia a dia.<\/p>\n","protected":false},"excerpt":{"rendered":"<p>Prepare waffles crocantes por fora e macios por dentro com a Forma de Waffle. Produzida em ferro fundido, garante aquecimento uniforme, proporcionando resultados perfeitos em cada preparo. Seu revestimento com \u00f3leo 100% vegetal facilita a limpeza e ajuda a evitar que a massa grude, al\u00e9m de ser uma op\u00e7\u00e3o mais saud\u00e1vel, livre de agentes qu\u00edmicos. [&hellip;]<\/p>\n","protected":false},"featured_media":3193,"template":"","meta":{"_joinchat":[]},"product_brand":[279],"product_cat":[39],"product_tag":[],"class_list":{"0":"post-3188","1":"product","2":"type-product","3":"status-publish","4":"has-post-thumbnail","6":"product_brand-santana","7":"product_cat-tabuas","9":"first","10":"instock","11":"shipping-taxable","12":"purchasable","13":"product-type-simple"},"_links":{"self":[{"href":"https:\/\/reidastelhas.com.br\/loja\/wp-json\/wp\/v2\/product\/3188","targetHints":{"allow":["GET"]}}],"collection":[{"href":"https:\/\/reidastelhas.com.br\/loja\/wp-json\/wp\/v2\/product"}],"about":[{"href":"https:\/\/reidastelhas.com.br\/loja\/wp-json\/wp\/v2\/types\/product"}],"wp:featuredmedia":[{"embeddable":true,"href":"https:\/\/reidastelhas.com.br\/loja\/wp-json\/wp\/v2\/media\/3193"}],"wp:attachment":[{"href":"https:\/\/reidastelhas.com.br\/loja\/wp-json\/wp\/v2\/media?parent=3188"}],"wp:term":[{"taxonomy":"product_brand","embeddable":true,"href":"https:\/\/reidastelhas.com.br\/loja\/wp-json\/wp\/v2\/product_brand?post=3188"},{"taxonomy":"product_cat","embeddable":true,"href":"https:\/\/reidastelhas.com.br\/loja\/wp-json\/wp\/v2\/product_cat?post=3188"},{"taxonomy":"product_tag","embeddable":true,"href":"https:\/\/reidastelhas.com.br\/loja\/wp-json\/wp\/v2\/product_tag?post=3188"}],"curies":[{"name":"wp","href":"https:\/\/api.w.org\/{rel}","templated":true}]}}