{"id":696,"date":"2025-11-05T11:37:05","date_gmt":"2025-11-05T14:37:05","guid":{"rendered":"https:\/\/reidastelhas.com.br\/loja\/?post_type=product&#038;p=696"},"modified":"2025-11-07T16:47:10","modified_gmt":"2025-11-07T19:47:10","slug":"telha-soberana","status":"publish","type":"product","link":"https:\/\/reidastelhas.com.br\/loja\/produto\/telha-soberana\/","title":{"rendered":"Telha Soberana"},"content":{"rendered":"<p>Estilo colonial\u00a0 com resist\u00eancia e leveza.<br \/>\nEconomia, modernidade e diversas cores.<\/p>\n","protected":false},"excerpt":{"rendered":"<p><strong>Inclina\u00e7\u00e3o m\u00ednima 30%<\/strong><br \/>\n<strong>Rendimento de 7,5 telhas por m\u00b2<\/strong><\/p>\n","protected":false},"featured_media":700,"template":"","meta":{"_joinchat":[]},"product_brand":[137],"product_cat":[54,49],"product_tag":[160,164,162,158,163,166,165,167,168,157],"class_list":{"0":"post-696","1":"product","2":"type-product","3":"status-publish","4":"has-post-thumbnail","6":"product_brand-corabras","7":"product_cat-telha-concreto","8":"product_cat-telhas","9":"product_tag-telha-de-concreto-cinza","10":"product_tag-telha-de-concreto-economica","11":"product_tag-telha-de-concreto-grafite","12":"product_tag-telha-de-concreto-mostarda","13":"product_tag-telha-de-concreto-soberana","14":"product_tag-telha-de-concreto-soberana-cinza","15":"product_tag-telha-de-concreto-soberana-grafite","16":"product_tag-telha-de-concreto-soberana-mostarda","17":"product_tag-telha-de-concreto-soberana-vermelho","18":"product_tag-telha-de-concreto-vermelha","20":"first","21":"instock","22":"shipping-taxable","23":"purchasable","24":"product-type-variable"},"_links":{"self":[{"href":"https:\/\/reidastelhas.com.br\/loja\/wp-json\/wp\/v2\/product\/696","targetHints":{"allow":["GET"]}}],"collection":[{"href":"https:\/\/reidastelhas.com.br\/loja\/wp-json\/wp\/v2\/product"}],"about":[{"href":"https:\/\/reidastelhas.com.br\/loja\/wp-json\/wp\/v2\/types\/product"}],"wp:featuredmedia":[{"embeddable":true,"href":"https:\/\/reidastelhas.com.br\/loja\/wp-json\/wp\/v2\/media\/700"}],"wp:attachment":[{"href":"https:\/\/reidastelhas.com.br\/loja\/wp-json\/wp\/v2\/media?parent=696"}],"wp:term":[{"taxonomy":"product_brand","embeddable":true,"href":"https:\/\/reidastelhas.com.br\/loja\/wp-json\/wp\/v2\/product_brand?post=696"},{"taxonomy":"product_cat","embeddable":true,"href":"https:\/\/reidastelhas.com.br\/loja\/wp-json\/wp\/v2\/product_cat?post=696"},{"taxonomy":"product_tag","embeddable":true,"href":"https:\/\/reidastelhas.com.br\/loja\/wp-json\/wp\/v2\/product_tag?post=696"}],"curies":[{"name":"wp","href":"https:\/\/api.w.org\/{rel}","templated":true}]}}