{"id":845,"date":"2025-11-07T16:33:22","date_gmt":"2025-11-07T19:33:22","guid":{"rendered":"https:\/\/reidastelhas.com.br\/loja\/?post_type=product&#038;p=845"},"modified":"2025-11-07T16:45:42","modified_gmt":"2025-11-07T19:45:42","slug":"telha-em-polipropileno-onda-baixa","status":"publish","type":"product","link":"https:\/\/reidastelhas.com.br\/loja\/produto\/telha-em-polipropileno-onda-baixa\/","title":{"rendered":"Telha em Polipropileno Onda Baixa"},"content":{"rendered":"<p>As telhas de polipropileno s\u00e3o produzidas com resinas termopl\u00e1sticas com prote\u00e7\u00e3o aos raios UV e s\u00e3o resistentes as varia\u00e7\u00f5es de temperatura.<\/p>\n<p>As telhas tem ampla aplica\u00e7\u00e3o na constru\u00e7\u00e3o civil, tais como: coberturas, sheds, fechamentos laterais, fachadas, estufas de plantas, garagens, etc.<\/p>\n","protected":false},"excerpt":{"rendered":"<p><strong>Inclina\u00e7\u00e3o de no m\u00ednimo 15%<\/strong><\/p>\n<p><strong>Dimens\u00e3o dispon\u00edvel: <\/strong><strong>2,44 x 0,50 <\/strong><\/p>\n","protected":false},"featured_media":904,"template":"","meta":{"_joinchat":[]},"product_brand":[182],"product_cat":[49,57],"product_tag":[187,208,184,186,183],"class_list":{"0":"post-845","1":"product","2":"type-product","3":"status-publish","4":"has-post-thumbnail","6":"product_brand-fibrarte-lux-telhas","7":"product_cat-telhas","8":"product_cat-telhas-translucidas","9":"product_tag-economia-de-energia","10":"product_tag-onda-baixa","11":"product_tag-telha-ondulada-leitosa","12":"product_tag-telhas-para-iluminacao-natural","13":"product_tag-translucidas","15":"first","16":"instock","17":"shipping-taxable","18":"purchasable","19":"product-type-simple"},"_links":{"self":[{"href":"https:\/\/reidastelhas.com.br\/loja\/wp-json\/wp\/v2\/product\/845","targetHints":{"allow":["GET"]}}],"collection":[{"href":"https:\/\/reidastelhas.com.br\/loja\/wp-json\/wp\/v2\/product"}],"about":[{"href":"https:\/\/reidastelhas.com.br\/loja\/wp-json\/wp\/v2\/types\/product"}],"wp:featuredmedia":[{"embeddable":true,"href":"https:\/\/reidastelhas.com.br\/loja\/wp-json\/wp\/v2\/media\/904"}],"wp:attachment":[{"href":"https:\/\/reidastelhas.com.br\/loja\/wp-json\/wp\/v2\/media?parent=845"}],"wp:term":[{"taxonomy":"product_brand","embeddable":true,"href":"https:\/\/reidastelhas.com.br\/loja\/wp-json\/wp\/v2\/product_brand?post=845"},{"taxonomy":"product_cat","embeddable":true,"href":"https:\/\/reidastelhas.com.br\/loja\/wp-json\/wp\/v2\/product_cat?post=845"},{"taxonomy":"product_tag","embeddable":true,"href":"https:\/\/reidastelhas.com.br\/loja\/wp-json\/wp\/v2\/product_tag?post=845"}],"curies":[{"name":"wp","href":"https:\/\/api.w.org\/{rel}","templated":true}]}}