{"id":926,"date":"2025-11-10T11:05:24","date_gmt":"2025-11-10T14:05:24","guid":{"rendered":"https:\/\/reidastelhas.com.br\/loja\/?post_type=product&#038;p=926"},"modified":"2025-11-10T11:05:24","modified_gmt":"2025-11-10T14:05:24","slug":"telha-sanduiche-eps-trapezoidal","status":"publish","type":"product","link":"https:\/\/reidastelhas.com.br\/loja\/produto\/telha-sanduiche-eps-trapezoidal\/","title":{"rendered":"Telha sanduiche EPS trapezoidal"},"content":{"rendered":"<p>Composto por alunzico cor natural trap\u00e9zio + eps trap\u00e9zio + aluzinco trap\u00e9zio<\/p>\n<p>O Poliestireno expandido (EPS \/ Isopor) \u00e9 um material pl\u00e1stico na forma de espuma com micro c\u00e9lulas fechadas. Trata-se de material fogo retardante, leve e que resulta em um produto que trar\u00e1 economia de energia no uso de condicionamento t\u00e9rmico dos ambientes.<br \/>\n\u00c9 um material isolante da melhor qualidade para as temperaturas altas e baixas (diminui o calor no ver\u00e3o e mant\u00e9m a temperatura amena no frio).<\/p>\n<p>VEJA AS VANTAGENS:<br \/>\n* Eficiente poder de isola\u00e7\u00e3o t\u00e9rmica;<br \/>\n* Maior resist\u00eancia mec\u00e2nica;<br \/>\n* Economia em equipamentos de refrigera\u00e7\u00e3o;<br \/>\n* Redu\u00e7\u00e3o do custo de energia el\u00e9trica;<br \/>\n* Redu\u00e7\u00e3o no controle de emiss\u00e3o sonora;<br \/>\n* Excelente veda\u00e7\u00e3o e acabamento;<br \/>\n* N\u00e3o absorve \u00e1gua;<br \/>\n* Grande resist\u00eancia a impactos, exposi\u00e7\u00e3o ao\u00a0sol\u00a0e\u00a0outros.<\/p>\n","protected":false},"excerpt":{"rendered":"<p>Modelos: Telha sanduiche EPS trap\u00e9zio<br \/>\nInclina\u00e7\u00e3o m\u00ednima de 10%<br \/>\nlargura: 0,98cm<br \/>\ncomprimento\u00a0 sob medida<\/p>\n","protected":false},"featured_media":928,"template":"","meta":{"_joinchat":[]},"product_brand":[209],"product_cat":[55,49],"product_tag":[],"class_list":{"0":"post-926","1":"product","2":"type-product","3":"status-publish","4":"has-post-thumbnail","6":"product_brand-lopafer","7":"product_cat-telha-aluzinco","8":"product_cat-telhas","10":"first","11":"instock","12":"shipping-taxable","13":"purchasable","14":"product-type-simple"},"_links":{"self":[{"href":"https:\/\/reidastelhas.com.br\/loja\/wp-json\/wp\/v2\/product\/926","targetHints":{"allow":["GET"]}}],"collection":[{"href":"https:\/\/reidastelhas.com.br\/loja\/wp-json\/wp\/v2\/product"}],"about":[{"href":"https:\/\/reidastelhas.com.br\/loja\/wp-json\/wp\/v2\/types\/product"}],"wp:featuredmedia":[{"embeddable":true,"href":"https:\/\/reidastelhas.com.br\/loja\/wp-json\/wp\/v2\/media\/928"}],"wp:attachment":[{"href":"https:\/\/reidastelhas.com.br\/loja\/wp-json\/wp\/v2\/media?parent=926"}],"wp:term":[{"taxonomy":"product_brand","embeddable":true,"href":"https:\/\/reidastelhas.com.br\/loja\/wp-json\/wp\/v2\/product_brand?post=926"},{"taxonomy":"product_cat","embeddable":true,"href":"https:\/\/reidastelhas.com.br\/loja\/wp-json\/wp\/v2\/product_cat?post=926"},{"taxonomy":"product_tag","embeddable":true,"href":"https:\/\/reidastelhas.com.br\/loja\/wp-json\/wp\/v2\/product_tag?post=926"}],"curies":[{"name":"wp","href":"https:\/\/api.w.org\/{rel}","templated":true}]}}